Last updated on 2024-04-19 08:54:32 CEST.
Flavor | Version | Tinstall | Tcheck | Ttotal | Status | Flags |
---|---|---|---|---|---|---|
r-devel-linux-x86_64-debian-clang | 1.0-21 | 34.88 | 401.00 | 435.88 | OK | |
r-devel-linux-x86_64-debian-gcc | 1.0-21 | OK | ||||
r-devel-linux-x86_64-fedora-clang | 1.0-21 | 532.98 | OK | |||
r-devel-linux-x86_64-fedora-gcc | 1.0-21 | 547.98 | OK | |||
r-prerel-macos-arm64 | 1.0-21 | 135.00 | NOTE | |||
r-prerel-windows-x86_64 | 1.0-21 | 28.00 | 294.00 | 322.00 | OK | |
r-patched-linux-x86_64 | 1.0-21 | 40.86 | 377.42 | 418.28 | OK | |
r-release-linux-x86_64 | 1.0-21 | 32.16 | 376.50 | 408.66 | OK | |
r-release-macos-arm64 | 1.0-21 | 140.00 | NOTE | |||
r-release-macos-x86_64 | 1.0-21 | 312.00 | NOTE | |||
r-release-windows-x86_64 | 1.0-21 | 40.00 | 381.00 | 421.00 | OK | |
r-oldrel-macos-arm64 | 1.0-21 | 138.00 | NOTE | |||
r-oldrel-windows-x86_64 | 1.0-21 | 40.00 | 372.00 | 412.00 | OK |
Version: 1.0-21
Check: installed package size
Result: NOTE
installed size is 5.3Mb
sub-directories of 1Mb or more:
R 2.0Mb
doc 2.7Mb
Flavors: r-prerel-macos-arm64, r-release-macos-arm64, r-release-macos-x86_64, r-oldrel-macos-arm64