CRAN Package Check Results for Package adeptdata

Last updated on 2024-02-29 08:48:46 CET.

Flavor Version Tinstall Tcheck Ttotal Status Flags
r-devel-linux-x86_64-debian-clang 1.1 77.15 35.69 112.84 OK
r-devel-linux-x86_64-debian-gcc 1.1 62.24 28.48 90.72 OK
r-devel-linux-x86_64-fedora-clang 1.1 160.27 NOTE
r-devel-linux-x86_64-fedora-gcc 1.1 157.51 OK
r-devel-windows-x86_64 1.1 72.00 49.00 121.00 NOTE
r-patched-linux-x86_64 1.1 79.91 35.52 115.43 OK
r-release-linux-x86_64 1.1 81.49 35.60 117.09 OK
r-release-macos-arm64 1.1 81.00 NOTE
r-release-macos-x86_64 1.1 106.00 NOTE
r-release-windows-x86_64 1.1 65.00 52.00 117.00 NOTE
r-oldrel-macos-arm64 1.1 78.00 NOTE
r-oldrel-windows-x86_64 1.1 98.00 64.00 162.00 NOTE

Check Details

Version: 1.1
Check: installed package size
Result: NOTE installed size is 9.5Mb sub-directories of 1Mb or more: data 9.3Mb Flavors: r-devel-linux-x86_64-fedora-clang, r-devel-windows-x86_64, r-release-macos-arm64, r-release-macos-x86_64, r-release-windows-x86_64, r-oldrel-macos-arm64, r-oldrel-windows-x86_64