CRAN Package Check Results for Package adsDataHubR

Last updated on 2021-10-17 12:52:35 CEST.

Flavor Version Tinstall Tcheck Ttotal Status Flags
r-devel-linux-x86_64-debian-clang 0.1.1 3.25 28.50 31.75 NOTE
r-devel-linux-x86_64-debian-gcc 0.1.1 2.40 22.68 25.08 NOTE
r-devel-linux-x86_64-fedora-clang 0.1.1 49.32 NOTE
r-devel-linux-x86_64-fedora-gcc 0.1.1 41.68 NOTE
r-devel-windows-x86_64 0.1.1 8.00 46.00 54.00 NOTE
r-devel-windows-x86_64-gcc10-UCRT 0.1.1 NOTE
r-patched-linux-x86_64 0.1.1 3.07 27.93 31.00 NOTE
r-patched-solaris-x86 0.1.1 66.70 NOTE
r-release-linux-x86_64 0.1.1 3.19 27.85 31.04 NOTE
r-release-macos-arm64 0.1.1 NOTE
r-release-macos-x86_64 0.1.1 NOTE
r-release-windows-ix86+x86_64 0.1.1 5.00 47.00 52.00 NOTE
r-oldrel-macos-x86_64 0.1.1 OK
r-oldrel-windows-ix86+x86_64 0.1.1 9.00 52.00 61.00 OK

Check Details

Version: 0.1.1
Check: LazyData
Result: NOTE
     'LazyData' is specified without a 'data' directory
Flavors: r-devel-linux-x86_64-debian-clang, r-devel-linux-x86_64-debian-gcc, r-devel-linux-x86_64-fedora-clang, r-devel-linux-x86_64-fedora-gcc, r-devel-windows-x86_64, r-devel-windows-x86_64-gcc10-UCRT, r-patched-linux-x86_64, r-patched-solaris-x86, r-release-linux-x86_64, r-release-macos-arm64, r-release-macos-x86_64, r-release-windows-ix86+x86_64