CRAN Package Check Results for Package adwordsR

Last updated on 2024-07-19 09:57:11 CEST.

Flavor Version Tinstall Tcheck Ttotal Status Flags
r-devel-linux-x86_64-debian-clang 0.3.1 2.95 26.38 29.33 NOTE
r-devel-linux-x86_64-debian-gcc 0.3.1 1.65 19.78 21.43 NOTE
r-devel-linux-x86_64-fedora-clang 0.3.1 35.90 NOTE
r-devel-linux-x86_64-fedora-gcc 0.3.1 33.91 NOTE
r-devel-windows-x86_64 0.3.1 3.00 45.00 48.00 NOTE
r-patched-linux-x86_64 0.3.1 3.40 24.65 28.05 NOTE
r-release-linux-x86_64 0.3.1 1.68 24.98 26.66 NOTE
r-release-macos-arm64 0.3.1 16.00 NOTE
r-release-macos-x86_64 0.3.1 21.00 NOTE
r-release-windows-x86_64 0.3.1 4.00 46.00 50.00 NOTE
r-oldrel-macos-arm64 0.3.1 18.00 NOTE
r-oldrel-macos-x86_64 0.3.1 21.00 NOTE
r-oldrel-windows-x86_64 0.3.1 3.00 49.00 52.00 NOTE

Check Details

Version: 0.3.1
Check: LazyData
Result: NOTE 'LazyData' is specified without a 'data' directory Flavors: r-devel-linux-x86_64-debian-clang, r-devel-linux-x86_64-debian-gcc, r-devel-linux-x86_64-fedora-clang, r-devel-linux-x86_64-fedora-gcc, r-devel-windows-x86_64, r-patched-linux-x86_64, r-release-linux-x86_64, r-release-macos-arm64, r-release-macos-x86_64, r-release-windows-x86_64, r-oldrel-macos-arm64, r-oldrel-macos-x86_64, r-oldrel-windows-x86_64