CRAN Package Check Results for Package adwordsR

Last updated on 2023-12-08 00:51:48 CET.

Flavor Version Tinstall Tcheck Ttotal Status Flags
r-devel-linux-x86_64-debian-clang 0.3.1 2.75 24.84 27.59 NOTE
r-devel-linux-x86_64-debian-gcc 0.3.1 1.79 19.57 21.36 NOTE
r-devel-linux-x86_64-fedora-clang 0.3.1 34.48 NOTE
r-devel-linux-x86_64-fedora-gcc 0.3.1 32.69 NOTE
r-devel-windows-x86_64 0.3.1 3.00 45.00 48.00 NOTE
r-patched-linux-x86_64 0.3.1 3.50 24.65 28.15 NOTE
r-release-linux-x86_64 0.3.1 2.43 24.04 26.47 NOTE
r-release-macos-arm64 0.3.1 18.00 NOTE
r-release-macos-x86_64 0.3.1 21.00 NOTE
r-release-windows-x86_64 0.3.1 4.00 45.00 49.00 NOTE
r-oldrel-macos-arm64 0.3.1 19.00 NOTE
r-oldrel-macos-x86_64 0.3.1 21.00 NOTE
r-oldrel-windows-x86_64 0.3.1 4.00 44.00 48.00 NOTE

Check Details

Version: 0.3.1
Check: LazyData
Result: NOTE 'LazyData' is specified without a 'data' directory Flavors: r-devel-linux-x86_64-debian-clang, r-devel-linux-x86_64-debian-gcc, r-devel-linux-x86_64-fedora-clang, r-devel-linux-x86_64-fedora-gcc, r-devel-windows-x86_64, r-patched-linux-x86_64, r-release-linux-x86_64, r-release-macos-arm64, r-release-macos-x86_64, r-release-windows-x86_64, r-oldrel-macos-arm64, r-oldrel-macos-x86_64, r-oldrel-windows-x86_64