CRAN Package Check Results for Package affinitymatrix

Last updated on 2021-11-30 20:49:09 CET.

Flavor Version Tinstall Tcheck Ttotal Status Flags
r-devel-linux-x86_64-debian-clang 0.1.0 3.91 45.07 48.98 NOTE
r-devel-linux-x86_64-debian-gcc 0.1.0 3.10 33.09 36.19 NOTE
r-devel-linux-x86_64-fedora-clang 0.1.0 69.38 NOTE
r-devel-linux-x86_64-fedora-gcc 0.1.0 58.50 NOTE
r-devel-windows-x86_64-new-UL 0.1.0 11.00 80.00 91.00 NOTE
r-devel-windows-x86_64-new-TK 0.1.0 NOTE
r-devel-windows-x86_64-old 0.1.0 7.00 50.00 57.00 NOTE
r-patched-linux-x86_64 0.1.0 3.49 41.74 45.23 NOTE
r-patched-solaris-x86 0.1.0 85.20 NOTE
r-release-linux-x86_64 0.1.0 4.02 42.73 46.75 NOTE
r-release-macos-arm64 0.1.0 NOTE
r-release-macos-x86_64 0.1.0 NOTE
r-release-windows-ix86+x86_64 0.1.0 8.00 47.00 55.00 NOTE
r-oldrel-macos-x86_64 0.1.0 OK
r-oldrel-windows-ix86+x86_64 0.1.0 6.00 48.00 54.00 OK

Check Details

Version: 0.1.0
Check: LazyData
Result: NOTE
     'LazyData' is specified without a 'data' directory
Flavors: r-devel-linux-x86_64-debian-clang, r-devel-linux-x86_64-debian-gcc, r-devel-linux-x86_64-fedora-clang, r-devel-linux-x86_64-fedora-gcc, r-devel-windows-x86_64-new-UL, r-devel-windows-x86_64-new-TK, r-devel-windows-x86_64-old, r-patched-linux-x86_64, r-patched-solaris-x86, r-release-linux-x86_64, r-release-macos-arm64, r-release-macos-x86_64, r-release-windows-ix86+x86_64