Last updated on 2024-04-24 16:54:23 CEST.
Flavor | Version | Tinstall | Tcheck | Ttotal | Status | Flags |
---|---|---|---|---|---|---|
r-devel-linux-x86_64-debian-clang | 0.4.0 | 8.38 | 154.76 | 163.14 | OK | |
r-devel-linux-x86_64-debian-gcc | 0.4.0 | 7.34 | 111.44 | 118.78 | OK | |
r-devel-linux-x86_64-fedora-clang | 0.4.0 | 201.12 | NOTE | |||
r-devel-linux-x86_64-fedora-gcc | 0.4.0 | 211.20 | NOTE | |||
r-devel-windows-x86_64 | 0.4.0 | 8.00 | 130.00 | 138.00 | OK | |
r-patched-linux-x86_64 | 0.4.0 | 12.04 | 148.08 | 160.12 | OK | |
r-release-linux-x86_64 | 0.4.0 | 8.16 | 152.64 | 160.80 | OK | |
r-release-macos-arm64 | 0.4.0 | 72.00 | OK | |||
r-release-windows-x86_64 | 0.4.0 | 9.00 | 134.00 | 143.00 | OK | |
r-oldrel-macos-arm64 | 0.4.0 | 70.00 | OK | |||
r-oldrel-macos-x86_64 | 0.4.0 | 124.00 | OK | |||
r-oldrel-windows-x86_64 | 0.4.0 | 11.00 | 160.00 | 171.00 | OK |
Version: 0.4.0
Check: dependencies in R code
Result: NOTE
Namespace in Imports field not imported from: ‘mathjaxr’
All declared Imports should be used.
Flavors: r-devel-linux-x86_64-fedora-clang, r-devel-linux-x86_64-fedora-gcc