CRAN Package Check Results for Package aiRthermo

Last updated on 2024-03-01 00:55:12 CET.

Flavor Version Tinstall Tcheck Ttotal Status Flags
r-devel-linux-x86_64-debian-clang 1.2.1 5.11 35.40 40.51 NOTE
r-devel-linux-x86_64-debian-gcc 1.2.1 3.77 27.59 31.36 NOTE
r-devel-linux-x86_64-fedora-clang 1.2.1 50.51 NOTE
r-devel-linux-x86_64-fedora-gcc 1.2.1 49.34 NOTE
r-devel-windows-x86_64 1.2.1 7.00 56.00 63.00 OK
r-patched-linux-x86_64 1.2.1 5.71 35.45 41.16 NOTE
r-release-linux-x86_64 1.2.1 4.55 35.31 39.86 NOTE
r-release-macos-arm64 1.2.1 23.00 OK
r-release-macos-x86_64 1.2.1 29.00 OK
r-release-windows-x86_64 1.2.1 7.00 60.00 67.00 OK
r-oldrel-macos-arm64 1.2.1 26.00 OK
r-oldrel-windows-x86_64 1.2.1 20.00 60.00 80.00 OK

Check Details

Version: 1.2.1
Check: for non-standard things in the check directory
Result: NOTE Found the following files/directories: ‘stuve.pdf’ Flavors: r-devel-linux-x86_64-debian-clang, r-devel-linux-x86_64-debian-gcc, r-devel-linux-x86_64-fedora-clang, r-devel-linux-x86_64-fedora-gcc, r-patched-linux-x86_64, r-release-linux-x86_64