CRAN Package Check Results for Package aifeducation

Last updated on 2024-02-27 16:49:09 CET.

Flavor Version Tinstall Tcheck Ttotal Status Flags
r-devel-linux-x86_64-debian-clang 0.3.1 53.14 197.28 250.42 OK
r-devel-linux-x86_64-debian-gcc 0.3.1 41.34 149.13 190.47 OK
r-devel-linux-x86_64-fedora-clang 0.3.1 314.88 NOTE
r-devel-linux-x86_64-fedora-gcc 0.3.1 331.39 OK
r-devel-windows-x86_64 0.3.1 32.00 279.00 311.00 OK
r-patched-linux-x86_64 0.3.1 40.10 190.98 231.08 OK
r-release-linux-x86_64 0.3.1 37.46 186.08 223.54 OK
r-release-macos-arm64 0.3.1 89.00 OK
r-release-macos-x86_64 0.3.1 247.00 OK
r-release-windows-x86_64 0.3.1 58.00 248.00 306.00 OK
r-oldrel-macos-arm64 0.3.1 82.00 OK
r-oldrel-windows-x86_64 0.3.1 59.00 221.00 280.00 OK

Check Details

Version: 0.3.1
Check: Rd cross-references
Result: NOTE Undeclared package ‘R6’ in Rd xrefs Flavor: r-devel-linux-x86_64-fedora-clang