Last updated on 2024-03-28 15:49:41 CET.
Flavor | Version | Tinstall | Tcheck | Ttotal | Status | Flags |
---|---|---|---|---|---|---|
r-devel-linux-x86_64-debian-clang | 1.0.0 | 2.21 | 24.59 | 26.80 | NOTE | |
r-devel-linux-x86_64-debian-gcc | 1.0.0 | 1.62 | 19.41 | 21.03 | NOTE | |
r-devel-linux-x86_64-fedora-clang | 1.0.0 | 33.93 | NOTE | |||
r-devel-linux-x86_64-fedora-gcc | 1.0.0 | 34.73 | NOTE | |||
r-devel-windows-x86_64 | 1.0.0 | 3.00 | 41.00 | 44.00 | NOTE | |
r-patched-linux-x86_64 | 1.0.0 | 2.10 | 24.83 | 26.93 | NOTE | |
r-release-linux-x86_64 | 1.0.0 | 2.07 | 23.81 | 25.88 | OK | |
r-release-macos-arm64 | 1.0.0 | 21.00 | OK | |||
r-release-macos-x86_64 | 1.0.0 | 21.00 | OK | |||
r-release-windows-x86_64 | 1.0.0 | 4.00 | 41.00 | 45.00 | OK | |
r-oldrel-macos-arm64 | 1.0.0 | 17.00 | OK | |||
r-oldrel-windows-x86_64 | 1.0.0 | 4.00 | 46.00 | 50.00 | OK |
Version: 1.0.0
Check: Rd files
Result: NOTE
checkRd: (-1) aimPlot.Rd:39: Lost braces; missing escapes or markup?
39 | \item \code{Variable} {1st column: The various aims to be completed}
| ^
checkRd: (-1) aimPlot.Rd:40: Lost braces; missing escapes or markup?
40 | \item \code{Percentage} {2nd column: The percentage of completeness}
| ^
Flavors: r-devel-linux-x86_64-debian-clang, r-devel-linux-x86_64-debian-gcc, r-devel-linux-x86_64-fedora-clang, r-devel-linux-x86_64-fedora-gcc, r-devel-windows-x86_64, r-patched-linux-x86_64