Last updated on 2024-03-28 23:55:00 CET.
Flavor | Version | Tinstall | Tcheck | Ttotal | Status | Flags |
---|---|---|---|---|---|---|
r-devel-linux-x86_64-debian-clang | 0.1.3 | 4.97 | 51.43 | 56.40 | OK | |
r-devel-linux-x86_64-debian-gcc | 0.1.3 | 4.30 | 39.34 | 43.64 | OK | |
r-devel-linux-x86_64-fedora-clang | 0.1.3 | 71.45 | NOTE | |||
r-devel-linux-x86_64-fedora-gcc | 0.1.3 | 83.42 | NOTE | |||
r-devel-windows-x86_64 | 0.1.3 | 6.00 | 59.00 | 65.00 | OK | |
r-patched-linux-x86_64 | 0.1.3 | 5.16 | 48.36 | 53.52 | OK | |
r-release-linux-x86_64 | 0.1.3 | 4.68 | 47.77 | 52.45 | OK | |
r-release-macos-arm64 | 0.1.3 | 31.00 | OK | |||
r-release-macos-x86_64 | 0.1.3 | 47.00 | OK | |||
r-release-windows-x86_64 | 0.1.3 | 8.00 | 62.00 | 70.00 | OK | |
r-oldrel-macos-arm64 | 0.1.3 | 27.00 | NOTE | |||
r-oldrel-windows-x86_64 | 0.1.3 | 8.00 | 67.00 | 75.00 | OK |
Version: 0.1.3
Check: data for non-ASCII characters
Result: NOTE
Note: found 710 marked UTF-8 strings
Flavors: r-devel-linux-x86_64-fedora-clang, r-devel-linux-x86_64-fedora-gcc, r-oldrel-macos-arm64