Last updated on 2023-06-05 16:54:48 CEST.
Flavor | Version | Tinstall | Tcheck | Ttotal | Status | Flags |
---|---|---|---|---|---|---|
r-devel-linux-x86_64-debian-clang | 1.0.0 | 3.41 | 34.17 | 37.58 | NOTE | |
r-devel-linux-x86_64-debian-gcc | 1.0.0 | 2.11 | 27.27 | 29.38 | NOTE | |
r-devel-linux-x86_64-fedora-clang | 1.0.0 | 47.08 | NOTE | |||
r-devel-linux-x86_64-fedora-gcc | 1.0.0 | 56.04 | NOTE | |||
r-devel-windows-x86_64 | 1.0.0 | 3.00 | 49.00 | 52.00 | NOTE | |
r-patched-linux-x86_64 | 1.0.0 | 2.85 | 33.74 | 36.59 | NOTE | |
r-release-linux-x86_64 | 1.0.0 | 2.79 | 33.23 | 36.02 | NOTE | |
r-release-macos-arm64 | 1.0.0 | 29.00 | NOTE | |||
r-release-macos-x86_64 | 1.0.0 | 38.00 | NOTE | |||
r-release-windows-x86_64 | 1.0.0 | 4.00 | 50.00 | 54.00 | NOTE | |
r-oldrel-macos-arm64 | 1.0.0 | 22.00 | NOTE | |||
r-oldrel-macos-x86_64 | 1.0.0 | 27.00 | NOTE | |||
r-oldrel-windows-x86_64 | 1.0.0 | 4.00 | 54.00 | 58.00 | NOTE |
Version: 1.0.0
Check: LazyData
Result: NOTE
'LazyData' is specified without a 'data' directory
Flavors: r-devel-linux-x86_64-debian-clang, r-devel-linux-x86_64-debian-gcc, r-devel-linux-x86_64-fedora-clang, r-devel-linux-x86_64-fedora-gcc, r-devel-windows-x86_64, r-patched-linux-x86_64, r-release-linux-x86_64, r-release-macos-arm64, r-release-macos-x86_64, r-release-windows-x86_64, r-oldrel-macos-arm64, r-oldrel-macos-x86_64, r-oldrel-windows-x86_64