Last updated on 2024-04-25 07:59:45 CEST.
Flavor | Version | Tinstall | Tcheck | Ttotal | Status | Flags |
---|---|---|---|---|---|---|
r-devel-linux-x86_64-debian-clang | 1.0.0 | 3.16 | 37.35 | 40.51 | NOTE | |
r-devel-linux-x86_64-debian-gcc | 1.0.0 | 2.36 | 28.50 | 30.86 | NOTE | |
r-devel-linux-x86_64-fedora-clang | 1.0.0 | 50.68 | NOTE | |||
r-devel-linux-x86_64-fedora-gcc | 1.0.0 | 64.55 | NOTE | |||
r-devel-windows-x86_64 | 1.0.0 | 4.00 | 49.00 | 53.00 | NOTE | |
r-patched-linux-x86_64 | 1.0.0 | 2.87 | 36.25 | 39.12 | NOTE | |
r-release-linux-x86_64 | 1.0.0 | 3.00 | 33.76 | 36.76 | NOTE | |
r-release-macos-arm64 | 1.0.0 | 25.00 | NOTE | |||
r-release-windows-x86_64 | 1.0.0 | 3.00 | 50.00 | 53.00 | NOTE | |
r-oldrel-macos-arm64 | 1.0.0 | 29.00 | NOTE | |||
r-oldrel-macos-x86_64 | 1.0.0 | 38.00 | NOTE | |||
r-oldrel-windows-x86_64 | 1.0.0 | 4.00 | 50.00 | 54.00 | NOTE |
Version: 1.0.0
Check: LazyData
Result: NOTE
'LazyData' is specified without a 'data' directory
Flavors: r-devel-linux-x86_64-debian-clang, r-devel-linux-x86_64-debian-gcc, r-devel-linux-x86_64-fedora-clang, r-devel-linux-x86_64-fedora-gcc, r-devel-windows-x86_64, r-patched-linux-x86_64, r-release-linux-x86_64, r-release-macos-arm64, r-release-windows-x86_64, r-oldrel-macos-arm64, r-oldrel-macos-x86_64, r-oldrel-windows-x86_64