Last updated on 2023-12-07 20:48:30 CET.
Flavor | Version | Tinstall | Tcheck | Ttotal | Status | Flags |
---|---|---|---|---|---|---|
r-devel-linux-x86_64-debian-clang | 0.3-7 | 6.49 | 218.88 | 225.37 | OK | |
r-devel-linux-x86_64-debian-gcc | 0.3-7 | 4.60 | 161.92 | 166.52 | OK | |
r-devel-linux-x86_64-fedora-clang | 0.3-7 | 267.25 | OK | |||
r-devel-linux-x86_64-fedora-gcc | 0.3-7 | 260.92 | OK | |||
r-devel-windows-x86_64 | 0.3-7 | 7.00 | 175.00 | 182.00 | OK | |
r-patched-linux-x86_64 | 0.3-7 | 9.57 | 206.58 | 216.15 | OK | |
r-release-linux-x86_64 | 0.3-7 | 5.18 | 207.31 | 212.49 | OK | |
r-release-macos-arm64 | 0.3-7 | 72.00 | OK | |||
r-release-macos-x86_64 | 0.3-7 | 213.00 | OK | |||
r-release-windows-x86_64 | 0.3-7 | 8.00 | 223.00 | 231.00 | OK | |
r-oldrel-macos-arm64 | 0.3-7 | 73.00 | OK | |||
r-oldrel-macos-x86_64 | 0.3-6 | 136.00 | OK | |||
r-oldrel-windows-x86_64 | 0.3-7 | 9.00 | 227.00 | 236.00 | NOTE |
Version: 0.3-7
Check: HTML version of manual
Result: NOTE
Encountered the following conversion/validation errors:
absindex.Rd:110: condition must be plain text
feemscatter.Rd:47: condition must be plain text
write.openfluor.Rd:43: condition must be plain text
Flavor: r-oldrel-windows-x86_64