Last updated on 2024-04-26 16:54:38 CEST.
Flavor | Version | Tinstall | Tcheck | Ttotal | Status | Flags |
---|---|---|---|---|---|---|
r-devel-linux-x86_64-debian-clang | 1.2.1 | 3.35 | 40.48 | 43.83 | NOTE | |
r-devel-linux-x86_64-debian-gcc | 1.2.1 | 2.39 | 30.59 | 32.98 | NOTE | |
r-devel-linux-x86_64-fedora-clang | 1.2.1 | 56.16 | NOTE | |||
r-devel-linux-x86_64-fedora-gcc | 1.2.1 | 64.67 | NOTE | |||
r-devel-windows-x86_64 | 1.2.1 | 5.00 | 68.00 | 73.00 | NOTE | |
r-patched-linux-x86_64 | 1.2.1 | 3.05 | 39.10 | 42.15 | NOTE | |
r-release-linux-x86_64 | 1.2.1 | 3.80 | 37.30 | 41.10 | NOTE | |
r-release-macos-arm64 | 1.2.1 | 27.00 | NOTE | |||
r-release-windows-x86_64 | 1.2.1 | 4.00 | 67.00 | 71.00 | NOTE | |
r-oldrel-macos-arm64 | 1.2.1 | 27.00 | NOTE | |||
r-oldrel-macos-x86_64 | 1.2.1 | 49.00 | NOTE | |||
r-oldrel-windows-x86_64 | 1.2.1 | 5.00 | 69.00 | 74.00 | NOTE |
Version: 1.2.1
Check: LazyData
Result: NOTE
'LazyData' is specified without a 'data' directory
Flavors: r-devel-linux-x86_64-debian-clang, r-devel-linux-x86_64-debian-gcc, r-devel-linux-x86_64-fedora-clang, r-devel-linux-x86_64-fedora-gcc, r-devel-windows-x86_64, r-patched-linux-x86_64, r-release-linux-x86_64, r-release-macos-arm64, r-release-windows-x86_64, r-oldrel-macos-arm64, r-oldrel-macos-x86_64, r-oldrel-windows-x86_64