CRAN Package Check Results for Package algaeClassify

Last updated on 2021-11-27 04:55:37 CET.

Flavor Version Tinstall Tcheck Ttotal Status Flags
r-devel-linux-x86_64-debian-clang 1.2.0 OK
r-devel-linux-x86_64-debian-gcc 1.2.0 4.03 37.06 41.09 OK
r-devel-linux-x86_64-fedora-clang 1.2.0 80.19 NOTE
r-devel-linux-x86_64-fedora-gcc 1.2.0 65.77 NOTE
r-devel-windows-x86_64-new-UL 1.2.0 13.00 95.00 108.00 OK
r-devel-windows-x86_64-new-TK 1.2.0 NOTE
r-devel-windows-x86_64-old 1.2.0 11.00 60.00 71.00 OK
r-patched-linux-x86_64 1.2.0 6.15 46.29 52.44 OK
r-patched-solaris-x86 1.2.0 98.10 NOTE
r-release-linux-x86_64 1.2.0 OK
r-release-macos-arm64 1.2.0 NOTE
r-release-macos-x86_64 1.2.0 NOTE
r-release-windows-ix86+x86_64 1.2.0 14.00 67.00 81.00 OK
r-oldrel-macos-x86_64 1.2.0 NOTE
r-oldrel-windows-ix86+x86_64 1.2.0 16.00 74.00 90.00 OK

Check Details

Version: 1.2.0
Check: dependencies in R code
Result: NOTE
    Namespace in Imports field not imported from: ‘taxize’
     All declared Imports should be used.
Flavors: r-devel-linux-x86_64-fedora-clang, r-devel-linux-x86_64-fedora-gcc, r-devel-windows-x86_64-new-TK, r-patched-solaris-x86, r-release-macos-arm64, r-release-macos-x86_64, r-oldrel-macos-x86_64