CRAN Package Check Results for Package algorithmia

Last updated on 2023-12-08 16:54:00 CET.

Flavor Version Tinstall Tcheck Ttotal Status Flags
r-devel-linux-x86_64-debian-clang 0.3.0 4.71 28.19 32.90 NOTE
r-devel-linux-x86_64-debian-gcc 0.3.0 2.83 22.35 25.18 NOTE
r-devel-linux-x86_64-fedora-clang 0.3.0 41.45 NOTE
r-devel-linux-x86_64-fedora-gcc 0.3.0 50.80 NOTE
r-devel-windows-x86_64 0.3.0 4.00 45.00 49.00 NOTE
r-patched-linux-x86_64 0.3.0 3.96 28.05 32.01 NOTE
r-release-linux-x86_64 0.3.0 4.40 27.93 32.33 NOTE
r-release-macos-arm64 0.3.0 25.00 NOTE
r-release-macos-x86_64 0.3.0 41.00 NOTE
r-release-windows-x86_64 0.3.0 6.00 46.00 52.00 NOTE
r-oldrel-macos-arm64 0.3.0 19.00 NOTE
r-oldrel-macos-x86_64 0.3.0 26.00 NOTE
r-oldrel-windows-x86_64 0.3.0 9.00 48.00 57.00 NOTE

Check Details

Version: 0.3.0
Check: LazyData
Result: NOTE 'LazyData' is specified without a 'data' directory Flavors: r-devel-linux-x86_64-debian-clang, r-devel-linux-x86_64-debian-gcc, r-devel-linux-x86_64-fedora-clang, r-devel-linux-x86_64-fedora-gcc, r-devel-windows-x86_64, r-patched-linux-x86_64, r-release-linux-x86_64, r-release-macos-arm64, r-release-macos-x86_64, r-release-windows-x86_64, r-oldrel-macos-arm64, r-oldrel-macos-x86_64, r-oldrel-windows-x86_64