Last updated on 2024-04-20 00:55:58 CEST.
Flavor | Version | Tinstall | Tcheck | Ttotal | Status | Flags |
---|---|---|---|---|---|---|
r-devel-linux-x86_64-debian-clang | 0.1.2 | 0.50 | 1.93 | 2.43 | ERROR | |
r-devel-linux-x86_64-debian-gcc | 0.1.2 | NOTE | ||||
r-devel-linux-x86_64-fedora-clang | 0.1.2 | 294.65 | NOTE | |||
r-devel-linux-x86_64-fedora-gcc | 0.1.2 | 288.17 | NOTE | |||
r-prerel-macos-arm64 | 0.1.2 | 74.00 | NOTE | |||
r-prerel-macos-x86_64 | 0.1.2 | 147.00 | NOTE | |||
r-prerel-windows-x86_64 | 0.1.2 | 20.00 | 140.00 | 160.00 | NOTE | |
r-patched-linux-x86_64 | 0.1.2 | 13.68 | 196.89 | 210.57 | NOTE | |
r-release-linux-x86_64 | 0.1.2 | 15.42 | 197.65 | 213.07 | NOTE | |
r-release-macos-arm64 | 0.1.2 | 78.00 | NOTE | |||
r-release-macos-x86_64 | 0.1.2 | 129.00 | NOTE | |||
r-release-windows-x86_64 | 0.1.2 | 26.00 | 179.00 | 205.00 | NOTE | |
r-oldrel-macos-arm64 | 0.1.2 | 71.00 | NOTE | |||
r-oldrel-windows-x86_64 | 0.1.2 | 26.00 | 176.00 | 202.00 | NOTE |
Version: 0.1.2
Check: package dependencies
Result: ERROR
Packages required but not available: 'org.Hs.eg.db', 'AnnotationDbi'
See section ‘The DESCRIPTION file’ in the ‘Writing R Extensions’
manual.
Flavor: r-devel-linux-x86_64-debian-clang
Version: 0.1.2
Check: LazyData
Result: NOTE
'LazyData' is specified without a 'data' directory
Flavors: r-devel-linux-x86_64-debian-gcc, r-devel-linux-x86_64-fedora-clang, r-devel-linux-x86_64-fedora-gcc, r-prerel-macos-arm64, r-prerel-macos-x86_64, r-prerel-windows-x86_64, r-patched-linux-x86_64, r-release-linux-x86_64, r-release-macos-arm64, r-release-macos-x86_64, r-release-windows-x86_64, r-oldrel-macos-arm64, r-oldrel-windows-x86_64