Last updated on 2023-09-23 16:53:55 CEST.
Flavor | Version | Tinstall | Tcheck | Ttotal | Status | Flags |
---|---|---|---|---|---|---|
r-devel-linux-x86_64-debian-clang | 0.3.4 | 67.54 | 48.38 | 115.92 | NOTE | |
r-devel-linux-x86_64-debian-gcc | 0.3.4 | 40.06 | 38.77 | 78.83 | NOTE | |
r-devel-linux-x86_64-fedora-clang | 0.3.4 | 160.15 | NOTE | |||
r-devel-linux-x86_64-fedora-gcc | 0.3.4 | 172.68 | NOTE | |||
r-devel-windows-x86_64 | 0.3.4 | 47.00 | 76.00 | 123.00 | NOTE | |
r-patched-linux-x86_64 | 0.3.4 | 64.23 | 46.22 | 110.45 | NOTE | |
r-release-linux-x86_64 | 0.3.4 | 68.58 | 45.77 | 114.35 | NOTE | |
r-release-macos-arm64 | 0.3.4 | 49.00 | NOTE | |||
r-release-macos-x86_64 | 0.3.4 | 76.00 | NOTE | |||
r-release-windows-x86_64 | 0.3.4 | 64.00 | 85.00 | 149.00 | NOTE | |
r-oldrel-macos-arm64 | 0.3.4 | 40.00 | OK | |||
r-oldrel-macos-x86_64 | 0.3.4 | 53.00 | OK | |||
r-oldrel-windows-x86_64 | 0.3.4 | 59.00 | 84.00 | 143.00 | OK |
Version: 0.3.4
Check: C++ specification
Result: NOTE
Specified C++11: please drop specification unless essential
Flavors: r-devel-linux-x86_64-debian-clang, r-devel-linux-x86_64-debian-gcc, r-devel-linux-x86_64-fedora-clang, r-devel-linux-x86_64-fedora-gcc, r-devel-windows-x86_64, r-patched-linux-x86_64, r-release-linux-x86_64, r-release-macos-arm64, r-release-macos-x86_64, r-release-windows-x86_64