CRAN Package Check Results for Package alphahull

Last updated on 2021-12-02 12:54:36 CET.

Flavor Version Tinstall Tcheck Ttotal Status Flags
r-devel-linux-x86_64-debian-clang 2.2 14.95 123.88 138.83 NOTE
r-devel-linux-x86_64-debian-gcc 2.2 12.87 93.36 106.23 NOTE
r-devel-linux-x86_64-fedora-clang 2.2 181.70 NOTE
r-devel-linux-x86_64-fedora-gcc 2.2 167.99 NOTE
r-devel-windows-x86_64-new-UL 2.2 34.00 201.00 235.00 NOTE
r-devel-windows-x86_64-new-TK 2.2 NOTE
r-devel-windows-x86_64-old 2.2 28.00 119.00 147.00 NOTE
r-patched-linux-x86_64 2.2 12.99 114.31 127.30 NOTE
r-patched-solaris-x86 2.2 230.30 NOTE
r-release-linux-x86_64 2.2 14.41 115.59 130.00 NOTE
r-release-macos-arm64 2.2 NOTE
r-release-macos-x86_64 2.2 NOTE
r-release-windows-ix86+x86_64 2.2 37.00 195.00 232.00 NOTE
r-oldrel-macos-x86_64 2.2 OK
r-oldrel-windows-ix86+x86_64 2.2 38.00 198.00 236.00 NOTE

Check Details

Version: 2.2
Check: R code for possible problems
Result: NOTE
    ahull_track: no visible global function definition for 'psp'
    ahull_track: no visible global function definition for 'owin'
    ahull_track: no visible global function definition for
     'runifpointOnLines'
    dw_track: no visible global function definition for 'psp'
    dw_track: no visible global function definition for 'owin'
    dw_track: no visible global function definition for 'runifpointOnLines'
    Undefined global functions or variables:
     owin psp runifpointOnLines
Flavors: r-devel-linux-x86_64-debian-clang, r-devel-linux-x86_64-debian-gcc, r-devel-linux-x86_64-fedora-clang, r-devel-linux-x86_64-fedora-gcc, r-devel-windows-x86_64-new-UL, r-devel-windows-x86_64-new-TK, r-devel-windows-x86_64-old, r-patched-linux-x86_64, r-patched-solaris-x86, r-release-linux-x86_64, r-release-macos-arm64, r-release-macos-x86_64, r-release-windows-ix86+x86_64, r-oldrel-windows-ix86+x86_64