Last updated on 2023-12-08 16:54:00 CET.
Flavor | Version | Tinstall | Tcheck | Ttotal | Status | Flags |
---|---|---|---|---|---|---|
r-devel-linux-x86_64-debian-clang | 0.2.1 | 7.35 | 36.96 | 44.31 | NOTE | |
r-devel-linux-x86_64-debian-gcc | 0.2.1 | 5.10 | 28.56 | 33.66 | NOTE | |
r-devel-linux-x86_64-fedora-clang | 0.2.1 | 53.90 | NOTE | |||
r-devel-linux-x86_64-fedora-gcc | 0.2.1 | 52.25 | NOTE | |||
r-devel-windows-x86_64 | 0.2.1 | 6.00 | 49.00 | 55.00 | NOTE | |
r-patched-linux-x86_64 | 0.2.1 | 4.72 | 37.12 | 41.84 | NOTE | |
r-release-linux-x86_64 | 0.2.1 | 7.02 | 36.24 | 43.26 | NOTE | |
r-release-macos-arm64 | 0.2.1 | 21.00 | NOTE | |||
r-release-macos-x86_64 | 0.2.1 | 29.00 | NOTE | |||
r-release-windows-x86_64 | 0.2.1 | 7.00 | 52.00 | 59.00 | NOTE | |
r-oldrel-macos-arm64 | 0.2.1 | 22.00 | NOTE | |||
r-oldrel-macos-x86_64 | 0.2.1 | 31.00 | NOTE | |||
r-oldrel-windows-x86_64 | 0.2.1 | 7.00 | 57.00 | 64.00 | NOTE |
Version: 0.2.1
Check: LazyData
Result: NOTE
'LazyData' is specified without a 'data' directory
Flavors: r-devel-linux-x86_64-debian-clang, r-devel-linux-x86_64-debian-gcc, r-devel-linux-x86_64-fedora-clang, r-devel-linux-x86_64-fedora-gcc, r-devel-windows-x86_64, r-patched-linux-x86_64, r-release-linux-x86_64, r-release-macos-arm64, r-release-macos-x86_64, r-release-windows-x86_64, r-oldrel-macos-arm64, r-oldrel-macos-x86_64, r-oldrel-windows-x86_64
Version: 0.2.1
Check: package dependencies
Result: NOTE
Packages suggested but not available for checking: 'fBasics', 'Rmpfr'
Flavor: r-release-macos-x86_64