Last updated on 2022-07-03 00:52:23 CEST.
Flavor | Version | Tinstall | Tcheck | Ttotal | Status | Flags |
---|---|---|---|---|---|---|
r-devel-linux-x86_64-debian-clang | 1.0.6 | 12.47 | 98.28 | 110.75 | NOTE | |
r-devel-linux-x86_64-debian-gcc | 1.0.6 | 10.40 | 74.02 | 84.42 | NOTE | |
r-devel-linux-x86_64-fedora-clang | 1.0.6 | 140.02 | NOTE | |||
r-devel-linux-x86_64-fedora-gcc | 1.0.6 | 139.44 | NOTE | |||
r-devel-windows-x86_64 | 1.0.6 | 50.00 | 139.00 | 189.00 | NOTE | |
r-patched-linux-x86_64 | 1.0.6 | 13.25 | 92.54 | 105.79 | OK | |
r-release-linux-x86_64 | 1.0.6 | 12.62 | 90.82 | 103.44 | OK | |
r-release-macos-arm64 | 1.0.6 | 41.00 | OK | |||
r-release-macos-x86_64 | 1.0.6 | 71.00 | OK | |||
r-release-windows-x86_64 | 1.0.6 | 47.00 | 143.00 | 190.00 | OK | |
r-oldrel-macos-arm64 | 1.0.6 | 53.00 | OK | |||
r-oldrel-macos-x86_64 | 1.0.6 | 62.00 | OK | |||
r-oldrel-windows-ix86+x86_64 | 1.0.6 | 28.00 | 127.00 | 155.00 | OK |
Version: 1.0.6
Check: Rd files
Result: NOTE
checkRd: (-1) UN1.Rd:16: Escaped LaTeX specials: \$
checkRd: (-1) rateprof.Rd:64: Escaped LaTeX specials: \&
Flavors: r-devel-linux-x86_64-debian-clang, r-devel-linux-x86_64-debian-gcc, r-devel-linux-x86_64-fedora-clang, r-devel-linux-x86_64-fedora-gcc, r-devel-windows-x86_64