Last updated on 2023-06-09 10:04:05 CEST.
Flavor | Version | Tinstall | Tcheck | Ttotal | Status | Flags |
---|---|---|---|---|---|---|
r-devel-linux-x86_64-debian-clang | 0.2.3 | 9.15 | 130.76 | 139.91 | OK | |
r-devel-linux-x86_64-debian-gcc | 0.2.3 | 6.76 | 98.75 | 105.51 | OK | |
r-devel-linux-x86_64-fedora-clang | 0.2.3 | 119.74 | NOTE | |||
r-devel-linux-x86_64-fedora-gcc | 0.2.3 | 123.71 | NOTE | |||
r-devel-windows-x86_64 | 0.2.3 | 9.00 | 83.00 | 92.00 | NOTE | |
r-patched-linux-x86_64 | 0.2.3 | 9.17 | 122.28 | 131.45 | OK | |
r-release-linux-x86_64 | 0.2.3 | 5.92 | 122.61 | 128.53 | OK | |
r-release-macos-arm64 | 0.2.3 | 44.00 | NOTE | |||
r-release-macos-x86_64 | 0.2.3 | 76.00 | NOTE | |||
r-release-windows-x86_64 | 0.2.3 | 13.00 | 96.00 | 109.00 | NOTE | |
r-oldrel-macos-arm64 | 0.2.3 | 50.00 | NOTE | |||
r-oldrel-macos-x86_64 | 0.2.3 | 75.00 | NOTE | |||
r-oldrel-windows-x86_64 | 0.2.3 | 14.00 | 99.00 | 113.00 | NOTE |
Version: 0.2.3
Check: package dependencies
Result: NOTE
Package suggested but not available for checking: ‘metaboliteIDmapping’
Flavors: r-devel-linux-x86_64-fedora-clang, r-devel-linux-x86_64-fedora-gcc, r-devel-windows-x86_64, r-release-macos-arm64, r-release-macos-x86_64, r-release-windows-x86_64, r-oldrel-macos-arm64, r-oldrel-macos-x86_64, r-oldrel-windows-x86_64
Version: 0.2.3
Check: dependencies in R code
Result: NOTE
Namespace in Imports field not imported from: ‘magrittr’
All declared Imports should be used.
Flavors: r-devel-linux-x86_64-fedora-clang, r-devel-linux-x86_64-fedora-gcc, r-oldrel-macos-arm64, r-oldrel-macos-x86_64