CRAN Package Check Results for Package amap

Last updated on 2024-02-24 08:49:29 CET.

Flavor Version Tinstall Tcheck Ttotal Status Flags
r-devel-linux-x86_64-debian-clang 0.8-19 11.08 35.35 46.43 OK
r-devel-linux-x86_64-debian-gcc 0.8-19 9.36 28.67 38.03 OK
r-devel-linux-x86_64-fedora-clang 0.8-19 58.15 OK
r-devel-linux-x86_64-fedora-gcc 0.8-19 74.19 OK
r-devel-windows-x86_64 0.8-19 14.00 70.00 84.00 OK
r-patched-linux-x86_64 0.8-19 11.22 36.01 47.23 OK
r-release-linux-x86_64 0.8-19 10.87 35.53 46.40 OK
r-release-macos-arm64 0.8-19 30.00 OK
r-release-macos-x86_64 0.8-19 37.00 NOTE
r-release-windows-x86_64 0.8-19 17.00 68.00 85.00 OK
r-oldrel-macos-arm64 0.8-19 23.00 OK
r-oldrel-windows-x86_64 0.8-19 23.00 81.00 104.00 OK

Check Details

Version: 0.8-19
Check: package dependencies
Result: NOTE Package suggested but not available for checking: ‘Biobase’ Flavor: r-release-macos-x86_64