Last updated on 2024-04-23 16:58:08 CEST.
Flavor | Version | Tinstall | Tcheck | Ttotal | Status | Flags |
---|---|---|---|---|---|---|
r-devel-linux-x86_64-debian-clang | 1.0.0 | 4.24 | 59.54 | 63.78 | OK | |
r-devel-linux-x86_64-debian-gcc | 1.0.0 | 3.89 | 45.14 | 49.03 | OK | |
r-devel-linux-x86_64-fedora-clang | 1.0.0 | 87.55 | NOTE | |||
r-devel-linux-x86_64-fedora-gcc | 1.0.0 | 92.84 | NOTE | |||
r-prerel-macos-arm64 | 1.0.0 | 61.00 | OK | |||
r-prerel-windows-x86_64 | 1.0.0 | 6.00 | 88.00 | 94.00 | OK | |
r-patched-linux-x86_64 | 1.0.0 | 4.85 | 57.33 | 62.18 | OK | |
r-release-linux-x86_64 | 1.0.0 | 3.81 | 56.00 | 59.81 | OK | |
r-release-macos-arm64 | 1.0.0 | 61.00 | OK | |||
r-release-macos-x86_64 | 1.0.0 | 66.00 | OK | |||
r-release-windows-x86_64 | 1.0.0 | 7.00 | 99.00 | 106.00 | OK | |
r-oldrel-macos-arm64 | 1.0.0 | 48.00 | NOTE | |||
r-oldrel-windows-x86_64 | 1.0.0 | 7.00 | 98.00 | 105.00 | OK |
Version: 1.0.0
Check: data for non-ASCII characters
Result: NOTE
Note: found 7 marked UTF-8 strings
Flavors: r-devel-linux-x86_64-fedora-clang, r-devel-linux-x86_64-fedora-gcc, r-oldrel-macos-arm64