Last updated on 2023-05-22 17:01:15 CEST.
Flavor | Version | Tinstall | Tcheck | Ttotal | Status | Flags |
---|---|---|---|---|---|---|
r-devel-linux-x86_64-debian-clang | 1.1.0 | 35.91 | 178.12 | 214.03 | OK | |
r-devel-linux-x86_64-debian-gcc | 1.1.0 | 28.07 | 134.40 | 162.47 | OK | |
r-devel-linux-x86_64-fedora-clang | 1.1.0 | 275.63 | NOTE | |||
r-devel-linux-x86_64-fedora-gcc | 1.1.0 | 311.89 | NOTE | |||
r-devel-windows-x86_64 | 1.1.0 | 33.00 | 155.00 | 188.00 | OK | |
r-patched-linux-x86_64 | 1.1.0 | 31.34 | 169.94 | 201.28 | OK | |
r-release-linux-x86_64 | 1.1.0 | 23.12 | 169.24 | 192.36 | OK | |
r-release-macos-arm64 | 1.1.0 | 84.00 | OK | |||
r-release-macos-x86_64 | 1.1.0 | 138.00 | OK | |||
r-release-windows-x86_64 | 1.1.0 | 41.00 | 196.00 | 237.00 | OK | |
r-oldrel-macos-arm64 | 1.1.0 | 63.00 | NOTE | |||
r-oldrel-macos-x86_64 | 1.1.0 | 115.00 | NOTE | |||
r-oldrel-windows-x86_64 | 1.1.0 | 39.00 | 181.00 | 220.00 | OK |
Version: 1.1.0
Check: dependencies in R code
Result: NOTE
Namespace in Imports field not imported from: ‘kernlab’
All declared Imports should be used.
Flavors: r-devel-linux-x86_64-fedora-clang, r-devel-linux-x86_64-fedora-gcc, r-oldrel-macos-arm64, r-oldrel-macos-x86_64