Last updated on 2024-03-28 23:55:00 CET.
Flavor | Version | Tinstall | Tcheck | Ttotal | Status | Flags |
---|---|---|---|---|---|---|
r-devel-linux-x86_64-debian-clang | 1.1.0 | 36.27 | 174.47 | 210.74 | OK | |
r-devel-linux-x86_64-debian-gcc | 1.1.0 | 27.15 | 131.72 | 158.87 | OK | |
r-devel-linux-x86_64-fedora-clang | 1.1.0 | 270.33 | NOTE | |||
r-devel-linux-x86_64-fedora-gcc | 1.1.0 | 270.14 | NOTE | |||
r-devel-windows-x86_64 | 1.1.0 | 32.00 | 144.00 | 176.00 | ERROR | |
r-patched-linux-x86_64 | 1.1.0 | 29.16 | 169.33 | 198.49 | OK | |
r-release-linux-x86_64 | 1.1.0 | 32.61 | 164.83 | 197.44 | OK | |
r-release-macos-arm64 | 1.1.0 | 84.00 | OK | |||
r-release-macos-x86_64 | 1.1.0 | 138.00 | OK | |||
r-release-windows-x86_64 | 1.1.0 | 40.00 | 186.00 | 226.00 | OK | |
r-oldrel-macos-arm64 | 1.1.0 | 63.00 | NOTE | |||
r-oldrel-windows-x86_64 | 1.1.0 | 40.00 | 185.00 | 225.00 | OK |
Version: 1.1.0
Check: dependencies in R code
Result: NOTE
Namespace in Imports field not imported from: ‘kernlab’
All declared Imports should be used.
Flavors: r-devel-linux-x86_64-fedora-clang, r-devel-linux-x86_64-fedora-gcc, r-oldrel-macos-arm64
Version: 1.1.0
Check: re-building of vignette outputs
Result: ERROR
Error(s) in re-building vignettes:
--- re-building 'ampir.Rmd' using rmarkdown
--- finished re-building 'ampir.Rmd'
--- re-building 'train_model.Rmd' using rmarkdown
SUMMARY: processing the following file failed:
'train_model.Rmd'
Error: Vignette re-building failed.
Execution halted
Flavor: r-devel-windows-x86_64