Last updated on 2024-03-28 23:55:00 CET.
Flavor | Version | Tinstall | Tcheck | Ttotal | Status | Flags |
---|---|---|---|---|---|---|
r-devel-linux-x86_64-debian-clang | 0.2.1.0 | 22.32 | 448.98 | 471.30 | NOTE | |
r-devel-linux-x86_64-debian-gcc | 0.2.1.0 | 17.55 | 323.86 | 341.41 | NOTE | |
r-devel-linux-x86_64-fedora-clang | 0.2.1.0 | 620.03 | NOTE | |||
r-devel-linux-x86_64-fedora-gcc | 0.2.1.0 | 611.43 | NOTE | |||
r-devel-windows-x86_64 | 0.2.1.0 | 19.00 | 360.00 | 379.00 | NOTE | |
r-patched-linux-x86_64 | 0.2.1.0 | 22.98 | 426.82 | 449.80 | NOTE | |
r-release-linux-x86_64 | 0.2.1.0 | 20.99 | 426.96 | 447.95 | OK | |
r-release-macos-arm64 | 0.2.1.0 | 173.00 | OK | |||
r-release-macos-x86_64 | 0.2.1.0 | 9.00 | ERROR | |||
r-release-windows-x86_64 | 0.2.1.0 | 27.00 | 452.00 | 479.00 | OK | |
r-oldrel-macos-arm64 | 0.2.1.0 | 139.00 | OK | |||
r-oldrel-windows-x86_64 | 0.2.1.0 | 28.00 | 421.00 | 449.00 | OK |
Version: 0.2.1.0
Check: Rd files
Result: NOTE
checkRd: (-1) diff.Rd:14: Lost braces
14 | \item{x}{A track_xy{t}.}
| ^
checkRd: (-1) nsd.Rd:22: Lost braces
22 | \item{x}{A track_xy{t}.}
| ^
Flavors: r-devel-linux-x86_64-debian-clang, r-devel-linux-x86_64-debian-gcc, r-devel-linux-x86_64-fedora-clang, r-devel-linux-x86_64-fedora-gcc, r-devel-windows-x86_64, r-patched-linux-x86_64
Version: 0.2.1.0
Check: Rd \usage sections
Result: NOTE
Documented arguments not in \usage in Rd file 'check_factors.Rd':
‘object’
Functions with \usage entries need to have the appropriate \alias
entries, and all their arguments documented.
The \usage entries must correspond to syntactically valid R code.
See chapter ‘Writing R documentation files’ in the ‘Writing R
Extensions’ manual.
Flavors: r-devel-linux-x86_64-debian-clang, r-devel-linux-x86_64-debian-gcc, r-devel-linux-x86_64-fedora-clang, r-devel-linux-x86_64-fedora-gcc, r-devel-windows-x86_64, r-patched-linux-x86_64
Version: 0.2.1.0
Check: package dependencies
Result: ERROR
Package required but not available: ‘ctmm’
See section ‘The DESCRIPTION file’ in the ‘Writing R Extensions’
manual.
Flavor: r-release-macos-x86_64