CRAN Package Check Results for Package analyzer

Last updated on 2021-09-16 16:50:06 CEST.

Flavor Version Tinstall Tcheck Ttotal Status Flags
r-devel-linux-x86_64-debian-clang 1.0.1 6.19 86.88 93.07 NOTE
r-devel-linux-x86_64-debian-gcc 1.0.1 5.63 63.49 69.12 NOTE
r-devel-linux-x86_64-fedora-clang 1.0.1 117.00 NOTE
r-devel-linux-x86_64-fedora-gcc 1.0.1 104.44 NOTE
r-devel-windows-x86_64 1.0.1 9.00 102.00 111.00 NOTE
r-devel-windows-x86_64-gcc10-UCRT 1.0.1 NOTE
r-patched-linux-x86_64 1.0.1 6.93 80.41 87.34 NOTE
r-patched-solaris-x86 1.0.1 141.60 NOTE
r-release-linux-x86_64 1.0.1 6.58 80.69 87.27 NOTE
r-release-macos-arm64 1.0.1 NOTE
r-release-macos-x86_64 1.0.1 NOTE
r-release-windows-ix86+x86_64 1.0.1 16.00 108.00 124.00 NOTE
r-oldrel-macos-x86_64 1.0.1 OK
r-oldrel-windows-ix86+x86_64 1.0.1 13.00 106.00 119.00 OK

Check Details

Version: 1.0.1
Check: LazyData
Result: NOTE
     'LazyData' is specified without a 'data' directory
Flavors: r-devel-linux-x86_64-debian-clang, r-devel-linux-x86_64-debian-gcc, r-devel-linux-x86_64-fedora-clang, r-devel-linux-x86_64-fedora-gcc, r-devel-windows-x86_64, r-devel-windows-x86_64-gcc10-UCRT, r-patched-linux-x86_64, r-patched-solaris-x86, r-release-linux-x86_64, r-release-macos-arm64, r-release-macos-x86_64, r-release-windows-ix86+x86_64