Last updated on 2023-06-10 16:53:30 CEST.
Flavor | Version | Tinstall | Tcheck | Ttotal | Status | Flags |
---|---|---|---|---|---|---|
r-devel-linux-x86_64-debian-clang | 1.0.1 | 7.92 | 99.31 | 107.23 | NOTE | |
r-devel-linux-x86_64-debian-gcc | 1.0.1 | 5.35 | 74.10 | 79.45 | NOTE | |
r-devel-linux-x86_64-fedora-clang | 1.0.1 | 129.45 | NOTE | |||
r-devel-linux-x86_64-fedora-gcc | 1.0.1 | 135.05 | NOTE | |||
r-devel-windows-x86_64 | 1.0.1 | 9.00 | 90.00 | 99.00 | NOTE | |
r-patched-linux-x86_64 | 1.0.1 | 6.88 | 92.56 | 99.44 | NOTE | |
r-release-linux-x86_64 | 1.0.1 | 5.89 | 92.89 | 98.78 | NOTE | |
r-release-macos-arm64 | 1.0.1 | 45.00 | NOTE | |||
r-release-macos-x86_64 | 1.0.1 | 76.00 | NOTE | |||
r-release-windows-x86_64 | 1.0.1 | 11.00 | 110.00 | 121.00 | NOTE | |
r-oldrel-macos-arm64 | 1.0.1 | 40.00 | NOTE | |||
r-oldrel-macos-x86_64 | 1.0.1 | 52.00 | NOTE | |||
r-oldrel-windows-x86_64 | 1.0.1 | 10.00 | 106.00 | 116.00 | NOTE |
Version: 1.0.1
Check: LazyData
Result: NOTE
'LazyData' is specified without a 'data' directory
Flavors: r-devel-linux-x86_64-debian-clang, r-devel-linux-x86_64-debian-gcc, r-devel-linux-x86_64-fedora-clang, r-devel-linux-x86_64-fedora-gcc, r-devel-windows-x86_64, r-patched-linux-x86_64, r-release-linux-x86_64, r-release-macos-arm64, r-release-macos-x86_64, r-release-windows-x86_64, r-oldrel-macos-arm64, r-oldrel-macos-x86_64, r-oldrel-windows-x86_64