Last updated on 2023-02-04 01:54:10 CET.
Flavor | Version | Tinstall | Tcheck | Ttotal | Status | Flags |
---|---|---|---|---|---|---|
r-devel-linux-x86_64-debian-clang | 0.1.3 | 2.61 | 28.81 | 31.42 | OK | |
r-devel-linux-x86_64-debian-gcc | 0.1.3 | 2.30 | 21.97 | 24.27 | OK | |
r-devel-linux-x86_64-fedora-clang | 0.1.3 | 39.01 | NOTE | |||
r-devel-linux-x86_64-fedora-gcc | 0.1.3 | 36.29 | NOTE | |||
r-devel-windows-x86_64 | 0.1.3 | 83.00 | 59.00 | 142.00 | OK | |
r-patched-linux-x86_64 | 0.1.3 | 2.83 | 27.50 | 30.33 | OK | |
r-release-linux-x86_64 | 0.1.3 | 3.00 | 28.65 | 31.65 | OK | |
r-release-macos-arm64 | 0.1.3 | 25.00 | NOTE | |||
r-release-macos-x86_64 | 0.1.3 | 26.00 | NOTE | |||
r-release-windows-x86_64 | 0.1.3 | 66.00 | 61.00 | 127.00 | OK | |
r-oldrel-macos-arm64 | 0.1.3 | 26.00 | NOTE | |||
r-oldrel-macos-x86_64 | 0.1.3 | 28.00 | NOTE | |||
r-oldrel-windows-ix86+x86_64 | 0.1.3 | 8.00 | 65.00 | 73.00 | OK |
Version: 0.1.3
Check: data for non-ASCII characters
Result: NOTE
Note: found 231 marked UTF-8 strings
Flavors: r-devel-linux-x86_64-fedora-clang, r-devel-linux-x86_64-fedora-gcc, r-release-macos-arm64, r-release-macos-x86_64, r-oldrel-macos-arm64, r-oldrel-macos-x86_64