CRAN Package Check Results for Package animaltracker

Last updated on 2021-09-26 00:48:33 CEST.

Flavor Version Tinstall Tcheck Ttotal Status Flags
r-devel-linux-x86_64-debian-clang 0.2.0 10.02 84.08 94.10 OK
r-devel-linux-x86_64-debian-gcc 0.2.0 7.81 62.33 70.14 OK
r-devel-linux-x86_64-fedora-clang 0.2.0 118.70 NOTE
r-devel-linux-x86_64-fedora-gcc 0.2.0 105.65 OK
r-devel-windows-x86_64 0.2.0 13.00 84.00 97.00 OK
r-devel-windows-x86_64-gcc10-UCRT 0.2.0 OK
r-patched-linux-x86_64 0.2.0 10.29 77.88 88.17 OK
r-patched-solaris-x86 0.2.0 147.20 OK
r-release-linux-x86_64 0.2.0 9.70 78.49 88.19 OK
r-release-macos-arm64 0.2.0 OK
r-release-macos-x86_64 0.2.0 OK
r-release-windows-ix86+x86_64 0.2.0 21.00 109.00 130.00 OK
r-oldrel-macos-x86_64 0.2.0 OK
r-oldrel-windows-ix86+x86_64 0.2.0 14.00 77.00 91.00 OK

Check Details

Version: 0.2.0
Check: package dependencies
Result: NOTE
    Imports includes 22 non-default packages.
    Importing from so many packages makes the package vulnerable to any of
    them becoming unavailable. Move as many as possible to Suggests and
    use conditionally.
Flavor: r-devel-linux-x86_64-fedora-clang