CRAN Package Check Results for Package animint2

Last updated on 2021-09-26 04:50:24 CEST.

Flavor Version Tinstall Tcheck Ttotal Status Flags
r-devel-linux-x86_64-debian-clang 2020.9.18 25.31 309.08 334.39 OK
r-devel-linux-x86_64-debian-gcc 2020.9.18 19.30 224.85 244.15 OK
r-devel-linux-x86_64-fedora-clang 2020.9.18 387.17 NOTE
r-devel-linux-x86_64-fedora-gcc 2020.9.18 410.80 NOTE
r-devel-windows-x86_64 2020.9.18 26.00 296.00 322.00 OK
r-devel-windows-x86_64-gcc10-UCRT 2020.9.18 NOTE
r-patched-linux-x86_64 2020.9.18 29.18 295.07 324.25 OK
r-patched-solaris-x86 2020.9.18 496.30 NOTE
r-release-linux-x86_64 2020.9.18 20.26 292.56 312.82 OK
r-release-macos-arm64 2020.9.18 NOTE
r-release-macos-x86_64 2020.9.18 NOTE
r-release-windows-ix86+x86_64 2020.9.18 37.00 390.00 427.00 OK
r-oldrel-macos-x86_64 2020.9.18 NOTE
r-oldrel-windows-ix86+x86_64 2020.9.18 27.00 282.00 309.00 OK

Check Details

Version: 2020.9.18
Check: dependencies in R code
Result: NOTE
    Namespaces in Imports field not imported from:
     ‘lazyeval’ ‘tibble’
     All declared Imports should be used.
Flavors: r-devel-linux-x86_64-fedora-clang, r-devel-linux-x86_64-fedora-gcc, r-devel-windows-x86_64-gcc10-UCRT, r-patched-solaris-x86, r-release-macos-arm64, r-release-macos-x86_64, r-oldrel-macos-x86_64

Version: 2020.9.18
Check: Rd cross-references
Result: NOTE
    Undeclared package ‘RColorBrewer’ in Rd xrefs
Flavor: r-devel-linux-x86_64-fedora-clang

Version: 2020.9.18
Check: installed package size
Result: NOTE
     installed size is 5.3Mb
     sub-directories of 1Mb or more:
     R 1.0Mb
     data 2.9Mb
Flavor: r-patched-solaris-x86