Last updated on 2024-03-28 15:49:41 CET.
Flavor | Version | Tinstall | Tcheck | Ttotal | Status | Flags |
---|---|---|---|---|---|---|
r-devel-linux-x86_64-debian-clang | 0.18.1 | 8.05 | 118.34 | 126.39 | OK | |
r-devel-linux-x86_64-debian-gcc | 0.18.1 | 6.73 | 119.93 | 126.66 | OK | |
r-devel-linux-x86_64-fedora-clang | 0.18.1 | 185.74 | OK | |||
r-devel-linux-x86_64-fedora-gcc | 0.18.1 | 177.16 | OK | |||
r-devel-windows-x86_64 | 0.18.1 | 9.00 | 114.00 | 123.00 | OK | |
r-patched-linux-x86_64 | 0.18.1 | 13.51 | 138.12 | 151.63 | OK | |
r-release-linux-x86_64 | 0.18.1 | 5.78 | 135.63 | 141.41 | OK | |
r-release-macos-arm64 | 0.18.1 | 54.00 | NOTE | |||
r-release-macos-x86_64 | 0.18.1 | 89.00 | NOTE | |||
r-release-windows-x86_64 | 0.18.1 | 12.00 | 130.00 | 142.00 | OK | |
r-oldrel-macos-arm64 | 0.18.1 | 42.00 | NOTE | |||
r-oldrel-windows-x86_64 | 0.18.1 | 13.00 | 133.00 | 146.00 | OK |
Version: 0.18.1
Check: package dependencies
Result: NOTE
Package suggested but not available for checking: ‘rhdf5’
Flavors: r-release-macos-arm64, r-release-macos-x86_64, r-oldrel-macos-arm64