CRAN Package Check Results for Package antaresViz

Last updated on 2021-09-27 16:50:07 CEST.

Flavor Version Tinstall Tcheck Ttotal Status Flags
r-devel-linux-x86_64-debian-clang 0.16 24.17 316.08 340.25 OK
r-devel-linux-x86_64-debian-gcc 0.16 19.75 283.58 303.33 OK
r-devel-linux-x86_64-fedora-clang 0.16 366.64 OK
r-devel-linux-x86_64-fedora-gcc 0.16 352.10 OK
r-devel-windows-x86_64 0.16 33.00 254.00 287.00 OK
r-devel-windows-x86_64-gcc10-UCRT 0.16 OK
r-patched-linux-x86_64 0.16 27.76 294.88 322.64 OK
r-patched-solaris-x86 0.16 471.30 OK
r-release-linux-x86_64 0.16 23.91 286.12 310.03 OK
r-release-macos-arm64 0.16 ERROR
r-release-macos-x86_64 0.16 OK
r-release-windows-ix86+x86_64 0.16 67.00 335.00 402.00 OK
r-oldrel-macos-x86_64 0.16 OK
r-oldrel-windows-ix86+x86_64 0.16 50.00 259.00 309.00 OK

Check Details

Version: 0.16
Check: tests
Result: ERROR
     Running ‘testthat.R’ [11s/11s]
    Running the tests in ‘tests/testthat.R’ failed.
    Last 13 lines of output:
     `expected` is a logical vector (TRUE)
     ── Failure (test-prodStack.R:456:3): prodStack must work with refStudy, if interactive is set to TRUE and if x is a list of antaresDataList and refStudy an antaresDataList , ──
     isTRUE(...) is not TRUE
    
     `actual`: FALSE
     `expected`: TRUE
     ── Failure (test-prodStack.R:470:3): prodStack must work with refStudy, if interactive is set to TRUE and if x is a list of antaresDataList and refStudy an antaresDataList , ──
     all.equal(...) is not TRUE
    
     `actual` is a character vector ('Mean absolute difference: 2500')
     `expected` is a logical vector (TRUE)
    
     [ FAIL 12 | WARN 1 | SKIP 13 | PASS 290 ]
     Error: Test failures
     Execution halted
Flavor: r-release-macos-arm64