Last updated on 2024-04-23 01:06:00 CEST.
Flavor | Version | Tinstall | Tcheck | Ttotal | Status | Flags |
---|---|---|---|---|---|---|
r-devel-linux-x86_64-debian-clang | 0.18.0 | 22.28 | 168.08 | 190.36 | OK | |
r-devel-linux-x86_64-debian-gcc | 0.18.0 | 18.65 | 123.19 | 141.84 | OK | |
r-devel-linux-x86_64-fedora-clang | 0.18.0 | 255.01 | OK | |||
r-devel-linux-x86_64-fedora-gcc | 0.18.0 | 257.44 | OK | |||
r-prerel-macos-arm64 | 0.18.0 | 66.00 | OK | |||
r-prerel-windows-x86_64 | 0.18.0 | 21.00 | 135.00 | 156.00 | OK | |
r-patched-linux-x86_64 | 0.18.0 | 28.39 | 162.63 | 191.02 | OK | |
r-release-linux-x86_64 | 0.18.0 | 16.24 | 163.23 | 179.47 | OK | |
r-release-macos-arm64 | 0.18.0 | 75.00 | NOTE | |||
r-release-macos-x86_64 | 0.18.0 | 148.00 | NOTE | |||
r-release-windows-x86_64 | 0.18.0 | 27.00 | 165.00 | 192.00 | OK | |
r-oldrel-macos-arm64 | 0.18.0 | 66.00 | OK | |||
r-oldrel-windows-x86_64 | 0.18.0 | 27.00 | 169.00 | 196.00 | OK |
Version: 0.18.0
Check: package dependencies
Result: NOTE
Package suggested but not available for checking: ‘rhdf5’
Flavors: r-release-macos-arm64, r-release-macos-x86_64