Last updated on 2024-04-19 01:04:23 CEST.
Flavor | Version | Tinstall | Tcheck | Ttotal | Status | Flags |
---|---|---|---|---|---|---|
r-devel-linux-x86_64-debian-clang | 0.99.26 | 11.40 | 98.30 | 109.70 | NOTE | |
r-devel-linux-x86_64-debian-gcc | 0.99.26 | 10.58 | 68.66 | 79.24 | NOTE | |
r-devel-linux-x86_64-fedora-clang | 0.99.26 | 146.50 | NOTE | |||
r-devel-linux-x86_64-fedora-gcc | 0.99.26 | 150.91 | NOTE | |||
r-prerel-macos-arm64 | 0.99.26 | 44.00 | NOTE | |||
r-prerel-windows-x86_64 | 0.99.26 | 12.00 | 90.00 | 102.00 | NOTE | |
r-patched-linux-x86_64 | 0.99.26 | 15.44 | 91.81 | 107.25 | NOTE | |
r-release-linux-x86_64 | 0.99.26 | 11.19 | 90.18 | 101.37 | OK | |
r-release-macos-arm64 | 0.99.26 | 45.00 | OK | |||
r-release-macos-x86_64 | 0.99.26 | 72.00 | NOTE | |||
r-release-windows-x86_64 | 0.99.26 | 14.00 | 103.00 | 117.00 | OK | |
r-oldrel-macos-arm64 | 0.99.26 | 40.00 | OK | |||
r-oldrel-windows-x86_64 | 0.99.26 | 19.00 | 99.00 | 118.00 | OK |
Version: 0.99.26
Check: Rd files
Result: NOTE
checkRd: (-1) PS-methods.Rd:61: Lost braces in \itemize; \value handles \item{}{} directly
checkRd: (-1) PS-methods.Rd:62: Lost braces in \itemize; \value handles \item{}{} directly
checkRd: (-1) PS-methods.Rd:63: Lost braces in \itemize; \value handles \item{}{} directly
checkRd: (-1) PS-methods.Rd:64: Lost braces in \itemize; \value handles \item{}{} directly
checkRd: (-1) PS-methods.Rd:65-67: Lost braces in \itemize; \value handles \item{}{} directly
checkRd: (-1) Sim-Functions.Rd:126: Lost braces in \itemize; meant \describe ?
checkRd: (-1) Sim-Functions.Rd:127-129: Lost braces in \itemize; meant \describe ?
checkRd: (-1) Sim-Functions.Rd:135: Lost braces in \itemize; meant \describe ?
checkRd: (-1) Sim-Functions.Rd:136-137: Lost braces in \itemize; meant \describe ?
checkRd: (-1) Sim-Functions.Rd:138-140: Lost braces in \itemize; meant \describe ?
checkRd: (-1) Sim-Functions.Rd:141-143: Lost braces in \itemize; meant \describe ?
Flavors: r-devel-linux-x86_64-debian-clang, r-devel-linux-x86_64-debian-gcc, r-devel-linux-x86_64-fedora-clang, r-devel-linux-x86_64-fedora-gcc, r-prerel-macos-arm64, r-prerel-windows-x86_64, r-patched-linux-x86_64
Version: 0.99.26
Check: package dependencies
Result: NOTE
Package suggested but not available for checking: ‘competitiontoolbox’
Flavor: r-release-macos-x86_64
Version: 0.99.26
Check: Rd cross-references
Result: NOTE
Package unavailable to check Rd xrefs: ‘competitiontoolbox’
Flavor: r-release-macos-x86_64