Last updated on 2022-08-17 12:55:07 CEST.
Flavor | Version | Tinstall | Tcheck | Ttotal | Status | Flags |
---|---|---|---|---|---|---|
r-devel-linux-x86_64-debian-clang | 1.3.2 | 7.30 | 50.72 | 58.02 | OK | |
r-devel-linux-x86_64-debian-gcc | 1.3.2 | OK | ||||
r-devel-linux-x86_64-fedora-clang | 1.3.2 | 80.71 | NOTE | |||
r-devel-linux-x86_64-fedora-gcc | 1.3.2 | 74.44 | OK | |||
r-devel-windows-x86_64 | 1.3.2 | 32.00 | 75.00 | 107.00 | OK | |
r-patched-linux-x86_64 | 1.3.2 | 6.16 | 47.30 | 53.46 | OK | |
r-release-linux-x86_64 | 1.3.2 | 4.81 | 47.70 | 52.51 | OK | |
r-release-macos-arm64 | 1.3.2 | 22.00 | OK | |||
r-release-macos-x86_64 | 1.3.2 | 37.00 | OK | |||
r-release-windows-x86_64 | 1.3.2 | 33.00 | 86.00 | 119.00 | OK | |
r-oldrel-macos-arm64 | 1.3.2 | 21.00 | OK | |||
r-oldrel-macos-x86_64 | 1.3.2 | 36.00 | OK | |||
r-oldrel-windows-ix86+x86_64 | 1.3.2 | 16.00 | 78.00 | 94.00 | OK |
Version: 1.3.2
Check: Rd cross-references
Result: NOTE
Undeclared packages ‘geepack’, ‘dispmod’ in Rd xrefs
Flavor: r-devel-linux-x86_64-fedora-clang