Last updated on 2024-03-28 15:49:41 CET.
Flavor | Version | Tinstall | Tcheck | Ttotal | Status | Flags |
---|---|---|---|---|---|---|
r-devel-linux-x86_64-debian-clang | 1.3.3 | 5.42 | 51.43 | 56.85 | OK | |
r-devel-linux-x86_64-debian-gcc | 1.3.3 | 5.65 | 39.36 | 45.01 | OK | |
r-devel-linux-x86_64-fedora-clang | 1.3.3 | 72.49 | NOTE | |||
r-devel-linux-x86_64-fedora-gcc | 1.3.3 | 70.69 | OK | |||
r-devel-windows-x86_64 | 1.3.3 | 8.00 | 64.00 | 72.00 | OK | |
r-patched-linux-x86_64 | 1.3.3 | 7.06 | 50.86 | 57.92 | OK | |
r-release-linux-x86_64 | 1.3.3 | 4.70 | 49.48 | 54.18 | OK | |
r-release-macos-arm64 | 1.3.3 | 38.00 | OK | |||
r-release-macos-x86_64 | 1.3.3 | 79.00 | OK | |||
r-release-windows-x86_64 | 1.3.3 | 8.00 | 72.00 | 80.00 | OK | |
r-oldrel-macos-arm64 | 1.3.3 | 29.00 | OK | |||
r-oldrel-windows-x86_64 | 1.3.3 | 11.00 | 79.00 | 90.00 | OK |
Version: 1.3.3
Check: Rd cross-references
Result: NOTE
Undeclared packages ‘geepack’, ‘dispmod’ in Rd xrefs
Flavor: r-devel-linux-x86_64-fedora-clang