CRAN Package Check Results for Package apcluster

Last updated on 2024-07-23 08:49:00 CEST.

Flavor Version Tinstall Tcheck Ttotal Status Flags
r-devel-linux-x86_64-debian-clang 1.4.13 64.74 131.37 196.11 OK
r-devel-linux-x86_64-debian-gcc 1.4.13 44.20 97.97 142.17 NOTE
r-devel-linux-x86_64-fedora-clang 1.4.13 286.32 OK
r-devel-linux-x86_64-fedora-gcc 1.4.13 262.94 OK
r-devel-windows-x86_64 1.4.13 51.00 148.00 199.00 NOTE
r-patched-linux-x86_64 1.4.13 71.80 122.53 194.33 OK
r-release-linux-x86_64 1.4.13 52.21 125.43 177.64 OK
r-release-macos-arm64 1.4.13 78.00 OK
r-release-macos-x86_64 1.4.13 106.00 WARN
r-release-windows-x86_64 1.4.13 62.00 144.00 206.00 OK
r-oldrel-macos-arm64 1.4.13 104.00 OK
r-oldrel-macos-x86_64 1.4.13 240.00 OK
r-oldrel-windows-x86_64 1.4.13 47.00 161.00 208.00 OK

Check Details

Version: 1.4.13
Check: Rd cross-references
Result: NOTE Found the following Rd file(s) with Rd \link{} targets missing package anchors: apcluster-methods.Rd: dgTMatrix-class, Matrix-class conversions.Rd: dgTMatrix-class, sparseMatrix-class, Matrix-class Please provide package anchors for all Rd \link{} targets not in the package itself and the base packages. Flavors: r-devel-linux-x86_64-debian-gcc, r-devel-windows-x86_64

Version: 1.4.13
Check: re-building of vignette outputs
Result: WARN Error(s) in re-building vignettes: ... --- re-building ‘apcluster.Rnw’ using knitr Warning in doTryCatch(return(expr), name, parentenv, handler) : "nodePar" is not a graphical parameter Error: processing vignette 'apcluster.Rnw' failed with diagnostics: Running 'texi2dvi' on 'apcluster.tex' failed. LaTeX errors: ! Undefined control sequence. l.171 \hlkwd{install.packages}\hldef {(}\hlsng{"apcluster"}\hldef{)} ? ! Emergency stop. ! Emergency stop. l.171 End of file on the terminal! ! ==> Fatal error occurred, no output PDF file produced! --- failed re-building ‘apcluster.Rnw’ SUMMARY: processing the following file failed: ‘apcluster.Rnw’ Error: Vignette re-building failed. Execution halted Flavor: r-release-macos-x86_64