CRAN Package Check Results for Package apexcharter

Last updated on 2021-09-26 00:48:33 CEST.

Flavor Version Tinstall Tcheck Ttotal Status Flags
r-devel-linux-x86_64-debian-clang 0.2.0 8.47 112.34 120.81 OK
r-devel-linux-x86_64-debian-gcc 0.2.0 6.61 82.94 89.55 OK
r-devel-linux-x86_64-fedora-clang 0.2.0 151.12 NOTE
r-devel-linux-x86_64-fedora-gcc 0.2.0 138.22 NOTE
r-devel-windows-x86_64 0.2.0 11.00 120.00 131.00 OK
r-devel-windows-x86_64-gcc10-UCRT 0.2.0 NOTE
r-patched-linux-x86_64 0.2.0 9.14 112.73 121.87 OK
r-patched-solaris-x86 0.2.0 171.50 NOTE
r-release-linux-x86_64 0.2.0 7.94 111.87 119.81 OK
r-release-macos-arm64 0.2.0 WARN
r-release-macos-x86_64 0.2.0 WARN
r-release-windows-ix86+x86_64 0.2.0 20.00 168.00 188.00 OK
r-oldrel-macos-x86_64 0.2.0 WARN
r-oldrel-windows-ix86+x86_64 0.2.0 17.00 125.00 142.00 OK

Check Details

Version: 0.2.0
Check: installed package size
Result: NOTE
     installed size is 5.3Mb
     sub-directories of 1Mb or more:
     doc 3.7Mb
Flavors: r-devel-linux-x86_64-fedora-clang, r-patched-solaris-x86, r-release-macos-arm64, r-release-macos-x86_64, r-oldrel-macos-x86_64

Version: 0.2.0
Check: data for non-ASCII characters
Result: NOTE
     Note: found 230 marked UTF-8 strings
Flavors: r-devel-linux-x86_64-fedora-clang, r-devel-linux-x86_64-fedora-gcc, r-devel-windows-x86_64-gcc10-UCRT, r-patched-solaris-x86, r-release-macos-arm64, r-release-macos-x86_64, r-oldrel-macos-x86_64

Version: 0.2.0
Check: re-building of vignette outputs
Result: WARN
    Error(s) in re-building vignettes:
    --- re-building ‘apexcharter.Rmd’ using rmarkdown
    Pandoc is required to build R Markdown vignettes but not available. Please make sure it is installed.
    --- finished re-building ‘apexcharter.Rmd’
    
    --- re-building ‘chart-options.Rmd’ using rmarkdown
    Pandoc is required to build R Markdown vignettes but not available. Please make sure it is installed.
    --- finished re-building ‘chart-options.Rmd’
    
    --- re-building ‘facets.Rmd’ using rmarkdown
    Pandoc is required to build R Markdown vignettes but not available. Please make sure it is installed.
    Quitting from lines 44-56 (facets.Rmd)
    Error: processing vignette 'facets.Rmd' failed with diagnostics:
    'options' must be a fully named list, or have no names (NULL)
    --- failed re-building ‘facets.Rmd’
    
    --- re-building ‘shiny-integration.Rmd’ using rmarkdown
    Pandoc is required to build R Markdown vignettes but not available. Please make sure it is installed.
    --- finished re-building ‘shiny-integration.Rmd’
    
    --- re-building ‘spark-box.Rmd’ using rmarkdown
    Pandoc is required to build R Markdown vignettes but not available. Please make sure it is installed.
    --- finished re-building ‘spark-box.Rmd’
    
    --- re-building ‘sync-charts.Rmd’ using rmarkdown
    Pandoc is required to build R Markdown vignettes but not available. Please make sure it is installed.
    --- finished re-building ‘sync-charts.Rmd’
    
    SUMMARY: processing the following file failed:
     ‘facets.Rmd’
    
    Error: Vignette re-building failed.
    Execution halted
Flavor: r-release-macos-arm64

Version: 0.2.0
Check: re-building of vignette outputs
Result: WARN
    Error(s) in re-building vignettes:
    --- re-building ‘apexcharter.Rmd’ using rmarkdown
    Warning in engine$weave(file, quiet = quiet, encoding = enc) :
     Pandoc (>= 1.12.3) not available. Falling back to R Markdown v1.
    Quitting from lines 36-39 (apexcharter.Rmd)
    Error: processing vignette 'apexcharter.Rmd' failed with diagnostics:
    invalid 'path' argument
    --- failed re-building ‘apexcharter.Rmd’
    
    --- re-building ‘chart-options.Rmd’ using rmarkdown
    Warning in engine$weave(file, quiet = quiet, encoding = enc) :
     Pandoc (>= 1.12.3) not available. Falling back to R Markdown v1.
    Quitting from lines 35-42 (chart-options.Rmd)
    Error: processing vignette 'chart-options.Rmd' failed with diagnostics:
    invalid 'path' argument
    --- failed re-building ‘chart-options.Rmd’
    
    --- re-building ‘facets.Rmd’ using rmarkdown
    Warning in engine$weave(file, quiet = quiet, encoding = enc) :
     Pandoc (>= 1.12.3) not available. Falling back to R Markdown v1.
    Quitting from lines 44-56 (facets.Rmd)
    Error: processing vignette 'facets.Rmd' failed with diagnostics:
    'options' must be a fully named list, or have no names (NULL)
    --- failed re-building ‘facets.Rmd’
    
    --- re-building ‘shiny-integration.Rmd’ using rmarkdown
    Warning in engine$weave(file, quiet = quiet, encoding = enc) :
     Pandoc (>= 1.12.3) not available. Falling back to R Markdown v1.
    Quitting from lines 91-98 (shiny-integration.Rmd)
    Error: processing vignette 'shiny-integration.Rmd' failed with diagnostics:
    invalid 'path' argument
    --- failed re-building ‘shiny-integration.Rmd’
    
    --- re-building ‘spark-box.Rmd’ using rmarkdown
    Warning in engine$weave(file, quiet = quiet, encoding = enc) :
     Pandoc (>= 1.12.3) not available. Falling back to R Markdown v1.
    Quitting from lines 32-37 (spark-box.Rmd)
    Error: processing vignette 'spark-box.Rmd' failed with diagnostics:
    invalid 'path' argument
    --- failed re-building ‘spark-box.Rmd’
    
    --- re-building ‘sync-charts.Rmd’ using rmarkdown
    Warning in engine$weave(file, quiet = quiet, encoding = enc) :
     Pandoc (>= 1.12.3) not available. Falling back to R Markdown v1.
    Quitting from lines 62-63 (sync-charts.Rmd)
    Error: processing vignette 'sync-charts.Rmd' failed with diagnostics:
    invalid 'path' argument
    --- failed re-building ‘sync-charts.Rmd’
    
    SUMMARY: processing the following files failed:
     ‘apexcharter.Rmd’ ‘chart-options.Rmd’ ‘facets.Rmd’
     ‘shiny-integration.Rmd’ ‘spark-box.Rmd’ ‘sync-charts.Rmd’
    
    Error: Vignette re-building failed.
    Execution halted
Flavors: r-release-macos-x86_64, r-oldrel-macos-x86_64