CRAN Package Check Results for Package appRiori

Last updated on 2024-06-05 00:48:43 CEST.

Flavor Version Tinstall Tcheck Ttotal Status Flags
r-devel-linux-x86_64-debian-clang 0.0.5 15.34 101.12 116.46 OK
r-devel-linux-x86_64-debian-gcc 0.0.5 9.88 73.59 83.47 OK
r-devel-linux-x86_64-fedora-clang 0.0.5 142.02 NOTE
r-devel-linux-x86_64-fedora-gcc 0.0.5 131.86 OK
r-devel-windows-x86_64 0.0.5 12.00 84.00 96.00 OK
r-patched-linux-x86_64 0.0.5 13.56 94.13 107.69 OK
r-release-linux-x86_64 0.0.5 11.60 96.01 107.61 OK
r-release-macos-arm64 0.0.5 41.00 OK
r-release-macos-x86_64 0.0.5 99.00 OK
r-release-windows-x86_64 0.0.5 12.00 82.00 94.00 OK
r-oldrel-macos-arm64 0.0.5 47.00 OK
r-oldrel-macos-x86_64 0.0.5 97.00 OK
r-oldrel-windows-x86_64 0.0.5 16.00 103.00 119.00 OK

Check Details

Version: 0.0.5
Check: Rd cross-references
Result: NOTE Undeclared package ‘lme4’ in Rd xrefs Flavor: r-devel-linux-x86_64-fedora-clang