CRAN Package Check Results for Package apyramid

Last updated on 2023-02-01 08:59:32 CET.

Flavor Version Tinstall Tcheck Ttotal Status Flags
r-devel-linux-x86_64-debian-clang 0.1.2 5.99 91.26 97.25 ERROR
r-devel-linux-x86_64-debian-gcc 0.1.2 4.54 66.01 70.55 ERROR
r-devel-linux-x86_64-fedora-clang 0.1.2 117.36 ERROR
r-devel-linux-x86_64-fedora-gcc 0.1.2 120.90 ERROR
r-devel-windows-x86_64 0.1.2 10.00 120.00 130.00 ERROR
r-patched-linux-x86_64 0.1.2 6.28 87.59 93.87 OK
r-release-linux-x86_64 0.1.2 5.64 87.22 92.86 OK
r-release-macos-arm64 0.1.2 37.00 OK
r-release-macos-x86_64 0.1.2 55.00 OK
r-release-windows-x86_64 0.1.2 30.00 127.00 157.00 OK
r-oldrel-macos-arm64 0.1.2 52.00 OK
r-oldrel-macos-x86_64 0.1.2 84.00 OK
r-oldrel-windows-ix86+x86_64 0.1.2 14.00 118.00 132.00 ERROR

Check Details

Version: 0.1.2
Check: tests
Result: ERROR
     Running ‘testthat.R’ [12s/14s]
    Running the tests in ‘tests/testthat.R’ failed.
    Complete output:
     > library(testthat)
     > library(apyramid)
     >
     > test_check("apyramid")
     [ FAIL 1 | WARN 1 | SKIP 2 | PASS 72 ]
    
     ══ Skipped tests ═══════════════════════════════════════════════════════════════
     • On CRAN (2)
    
     ══ Failed tests ════════════════════════════════════════════════════════════════
     ── Failure ('test-age-pyramid.R:171'): missing split data are removed before plotting ──
     `age_pyramid(dat, age_group = "AGE", na.rm = FALSE)` produced warnings.
    
     [ FAIL 1 | WARN 1 | SKIP 2 | PASS 72 ]
     Error: Test failures
     Execution halted
Flavor: r-devel-linux-x86_64-debian-clang

Version: 0.1.2
Check: tests
Result: ERROR
     Running ‘testthat.R’ [9s/12s]
    Running the tests in ‘tests/testthat.R’ failed.
    Complete output:
     > library(testthat)
     > library(apyramid)
     >
     > test_check("apyramid")
     [ FAIL 1 | WARN 1 | SKIP 2 | PASS 72 ]
    
     ══ Skipped tests ═══════════════════════════════════════════════════════════════
     • On CRAN (2)
    
     ══ Failed tests ════════════════════════════════════════════════════════════════
     ── Failure ('test-age-pyramid.R:171'): missing split data are removed before plotting ──
     `age_pyramid(dat, age_group = "AGE", na.rm = FALSE)` produced warnings.
    
     [ FAIL 1 | WARN 1 | SKIP 2 | PASS 72 ]
     Error: Test failures
     Execution halted
Flavor: r-devel-linux-x86_64-debian-gcc

Version: 0.1.2
Check: tests
Result: ERROR
     Running ‘testthat.R’ [13s/14s]
    Running the tests in ‘tests/testthat.R’ failed.
    Complete output:
     > library(testthat)
     > library(apyramid)
     >
     > test_check("apyramid")
     [ FAIL 1 | WARN 1 | SKIP 2 | PASS 72 ]
    
     ══ Skipped tests ═══════════════════════════════════════════════════════════════
     • On CRAN (2)
    
     ══ Failed tests ════════════════════════════════════════════════════════════════
     ── Failure ('test-age-pyramid.R:171'): missing split data are removed before plotting ──
     `age_pyramid(dat, age_group = "AGE", na.rm = FALSE)` produced warnings.
    
     [ FAIL 1 | WARN 1 | SKIP 2 | PASS 72 ]
     Error: Test failures
     Execution halted
Flavor: r-devel-linux-x86_64-fedora-clang

Version: 0.1.2
Check: tests
Result: ERROR
     Running ‘testthat.R’ [12s/15s]
    Running the tests in ‘tests/testthat.R’ failed.
    Complete output:
     > library(testthat)
     > library(apyramid)
     >
     > test_check("apyramid")
     [ FAIL 1 | WARN 1 | SKIP 2 | PASS 72 ]
    
     ══ Skipped tests ═══════════════════════════════════════════════════════════════
     • On CRAN (2)
    
     ══ Failed tests ════════════════════════════════════════════════════════════════
     ── Failure ('test-age-pyramid.R:171'): missing split data are removed before plotting ──
     `age_pyramid(dat, age_group = "AGE", na.rm = FALSE)` produced warnings.
    
     [ FAIL 1 | WARN 1 | SKIP 2 | PASS 72 ]
     Error: Test failures
     Execution halted
Flavor: r-devel-linux-x86_64-fedora-gcc

Version: 0.1.2
Check: tests
Result: ERROR
     Running 'testthat.R' [12s]
    Running the tests in 'tests/testthat.R' failed.
    Complete output:
     > library(testthat)
     > library(apyramid)
     >
     > test_check("apyramid")
     [ FAIL 1 | WARN 1 | SKIP 2 | PASS 72 ]
    
     ══ Skipped tests ═══════════════════════════════════════════════════════════════
     • On CRAN (2)
    
     ══ Failed tests ════════════════════════════════════════════════════════════════
     ── Failure ('test-age-pyramid.R:171'): missing split data are removed before plotting ──
     `age_pyramid(dat, age_group = "AGE", na.rm = FALSE)` produced warnings.
    
     [ FAIL 1 | WARN 1 | SKIP 2 | PASS 72 ]
     Error: Test failures
     Execution halted
Flavor: r-devel-windows-x86_64

Version: 0.1.2
Check: tests
Result: ERROR
     Running 'testthat.R' [11s]
    Running the tests in 'tests/testthat.R' failed.
    Complete output:
     > library(testthat)
     > library(apyramid)
     >
     > test_check("apyramid")
     [ FAIL 1 | WARN 1 | SKIP 2 | PASS 72 ]
    
     == Skipped tests ===============================================================
     * On CRAN (2)
    
     == Failed tests ================================================================
     -- Failure ('test-age-pyramid.R:171'): missing split data are removed before plotting --
     `age_pyramid(dat, age_group = "AGE", na.rm = FALSE)` produced warnings.
    
     [ FAIL 1 | WARN 1 | SKIP 2 | PASS 72 ]
     Error: Test failures
     Execution halted
Flavor: r-oldrel-windows-ix86+x86_64