CRAN Package Check Results for Package aqp

Last updated on 2024-07-23 16:48:58 CEST.

Flavor Version Tinstall Tcheck Ttotal Status Flags
r-devel-linux-x86_64-debian-clang 2.0.3 28.83 464.33 493.16 OK
r-devel-linux-x86_64-debian-gcc 2.0.3 24.87 362.71 387.58 NOTE
r-devel-linux-x86_64-fedora-clang 2.0.3 687.93 NOTE
r-devel-linux-x86_64-fedora-gcc 2.0.3 608.65 OK
r-devel-windows-x86_64 2.0.3 26.00 354.00 380.00 NOTE
r-patched-linux-x86_64 2.0.3 36.34 471.28 507.62 OK
r-release-linux-x86_64 2.0.3 29.33 476.10 505.43 OK
r-release-macos-arm64 2.0.3 160.00 NOTE
r-release-macos-x86_64 2.0.3 231.00 NOTE
r-release-windows-x86_64 2.0.3 28.00 352.00 380.00 NOTE
r-oldrel-macos-arm64 2.0.3 159.00 NOTE
r-oldrel-macos-x86_64 2.0.3 418.00 NOTE
r-oldrel-windows-x86_64 2.0.3 32.00 552.00 584.00 NOTE

Check Details

Version: 2.0.3
Check: Rd cross-references
Result: NOTE Found the following Rd file(s) with Rd \link{} targets missing package anchors: evalGenHZ.Rd: daisy, isoMDS, silhouette profile_compare.Rd: daisy Please provide package anchors for all Rd \link{} targets not in the package itself and the base packages. Flavors: r-devel-linux-x86_64-debian-gcc, r-devel-windows-x86_64

Version: 2.0.3
Check: installed package size
Result: NOTE installed size is 5.5Mb sub-directories of 1Mb or more: R 1.3Mb data 1.6Mb doc 1.8Mb Flavors: r-devel-linux-x86_64-fedora-clang, r-devel-windows-x86_64, r-release-macos-arm64, r-release-macos-x86_64, r-release-windows-x86_64, r-oldrel-macos-arm64, r-oldrel-macos-x86_64, r-oldrel-windows-x86_64