Last updated on 2023-09-23 00:53:46 CEST.
Flavor | Version | Tinstall | Tcheck | Ttotal | Status | Flags |
---|---|---|---|---|---|---|
r-devel-linux-x86_64-debian-clang | 2.0.1 | 31.30 | 548.90 | 580.20 | OK | |
r-devel-linux-x86_64-debian-gcc | 2.0.1 | 24.87 | 340.93 | 365.80 | OK | |
r-devel-linux-x86_64-fedora-clang | 2.0.1 | 624.88 | NOTE | |||
r-devel-linux-x86_64-fedora-gcc | 2.0.1 | 545.42 | OK | |||
r-devel-windows-x86_64 | 2.0.1 | 24.00 | 363.00 | 387.00 | NOTE | |
r-patched-linux-x86_64 | 2.0.1 | 34.92 | 444.24 | 479.16 | OK | |
r-release-linux-x86_64 | 2.0.1 | 25.32 | 434.01 | 459.33 | OK | |
r-release-macos-arm64 | 2.0.1 | 181.00 | NOTE | |||
r-release-macos-x86_64 | 2.0.1 | 343.00 | NOTE | |||
r-release-windows-x86_64 | 2.0.1 | 34.00 | 446.00 | 480.00 | NOTE | |
r-oldrel-macos-arm64 | 2.0.1 | 132.00 | WARN | |||
r-oldrel-macos-x86_64 | 2.0.1 | 206.00 | NOTE | |||
r-oldrel-windows-x86_64 | 2.0.1 | 33.00 | 412.00 | 445.00 | OK |
Version: 2.0.1
Check: installed package size
Result: NOTE
installed size is 5.1Mb
sub-directories of 1Mb or more:
R 1.2Mb
data 1.6Mb
doc 1.4Mb
Flavors: r-devel-linux-x86_64-fedora-clang, r-devel-windows-x86_64, r-release-macos-arm64, r-release-macos-x86_64, r-release-windows-x86_64, r-oldrel-macos-arm64, r-oldrel-macos-x86_64
Version: 2.0.1
Check: package dependencies
Result: WARN
Skipping vignette re-building
Package suggested but not available for checking: ‘knitr’
VignetteBuilder package required for checking but not installed: ‘knitr’
Flavor: r-oldrel-macos-arm64