CRAN Package Check Results for Package arc

Last updated on 2021-12-06 04:50:28 CET.

Flavor Version Tinstall Tcheck Ttotal Status Flags
r-devel-linux-x86_64-debian-clang 1.3 9.64 94.81 104.45 OK
r-devel-linux-x86_64-debian-gcc 1.3 7.61 73.24 80.85 OK
r-devel-linux-x86_64-fedora-clang 1.3 126.66 OK
r-devel-linux-x86_64-fedora-gcc 1.3 126.74 OK
r-devel-windows-x86_64-new-UL 1.3 18.00 124.00 142.00 OK
r-devel-windows-x86_64-new-TK 1.3 OK
r-devel-windows-x86_64-old 1.3 15.00 82.00 97.00 OK
r-patched-linux-x86_64 1.3 13.00 82.16 95.16 OK
r-release-linux-x86_64 1.3 9.61 90.55 100.16 OK
r-release-macos-arm64 1.3 OK
r-release-macos-x86_64 1.3 OK
r-release-windows-ix86+x86_64 1.3 23.00 109.00 132.00 OK
r-oldrel-macos-x86_64 1.3 NOTE
r-oldrel-windows-ix86+x86_64 1.3 23.00 115.00 138.00 OK

Check Details

Version: 1.3
Check: package dependencies
Result: NOTE
    Package suggested but not available for checking: ‘qCBA’
Flavor: r-oldrel-macos-x86_64