CRAN Package Check Results for Package archivist.github

Last updated on 2021-10-27 16:48:56 CEST.

Flavor Version Tinstall Tcheck Ttotal Status Flags
r-devel-linux-x86_64-debian-clang 0.2.6 6.74 52.83 59.57 NOTE
r-devel-linux-x86_64-debian-gcc 0.2.6 5.53 41.49 47.02 NOTE
r-devel-linux-x86_64-fedora-clang 0.2.6 81.78 NOTE
r-devel-linux-x86_64-fedora-gcc 0.2.6 70.84 NOTE
r-devel-windows-x86_64 0.2.6 10.00 78.00 88.00 NOTE
r-devel-windows-x86_64-gcc10-UCRT 0.2.6 NOTE
r-patched-linux-x86_64 0.2.6 10.43 50.86 61.29 NOTE
r-patched-solaris-x86 0.2.6 112.10 NOTE
r-release-linux-x86_64 0.2.6 5.98 50.43 56.41 NOTE
r-release-macos-arm64 0.2.6 NOTE
r-release-macos-x86_64 0.2.6 NOTE
r-release-windows-ix86+x86_64 0.2.6 13.00 74.00 87.00 NOTE
r-oldrel-macos-x86_64 0.2.6 OK
r-oldrel-windows-ix86+x86_64 0.2.6 15.00 80.00 95.00 OK

Check Details

Version: 0.2.6
Check: LazyData
Result: NOTE
     'LazyData' is specified without a 'data' directory
Flavors: r-devel-linux-x86_64-debian-clang, r-devel-linux-x86_64-debian-gcc, r-devel-linux-x86_64-fedora-clang, r-devel-linux-x86_64-fedora-gcc, r-devel-windows-x86_64, r-devel-windows-x86_64-gcc10-UCRT, r-patched-linux-x86_64, r-patched-solaris-x86, r-release-linux-x86_64, r-release-macos-arm64, r-release-macos-x86_64, r-release-windows-ix86+x86_64