Last updated on 2023-05-28 23:13:53 CEST.
Flavor | Version | Tinstall | Tcheck | Ttotal | Status | Flags |
---|---|---|---|---|---|---|
r-devel-linux-x86_64-debian-clang | 0.2.8 | 9.57 | 164.55 | 174.12 | OK | |
r-devel-linux-x86_64-debian-gcc | 0.2.8 | 8.18 | 121.84 | 130.02 | OK | |
r-devel-linux-x86_64-fedora-clang | 0.2.8 | 225.93 | OK | |||
r-devel-linux-x86_64-fedora-gcc | 0.2.8 | 227.80 | OK | |||
r-devel-windows-x86_64 | 0.2.8 | 11.00 | 153.00 | 164.00 | OK | |
r-patched-linux-x86_64 | 0.2.8 | 9.05 | 157.86 | 166.91 | OK | |
r-release-linux-x86_64 | 0.2.7 | 7.75 | 157.50 | 165.25 | OK | |
r-release-macos-arm64 | 0.2.7 | 76.00 | OK | |||
r-release-macos-x86_64 | 0.2.7 | 131.00 | OK | |||
r-release-windows-x86_64 | 0.2.8 | 12.00 | 181.00 | 193.00 | OK | |
r-oldrel-macos-arm64 | 0.2.7 | 89.00 | NOTE | |||
r-oldrel-macos-x86_64 | 0.2.8 | 112.00 | OK | |||
r-oldrel-windows-x86_64 | 0.2.8 | 9.00 | 180.00 | 189.00 | OK |
Version: 0.2.7
Check: dependencies in R code
Result: NOTE
Namespaces in Imports field not imported from:
‘DT’ ‘bslib’ ‘methods’ ‘rgdal’
All declared Imports should be used.
Flavor: r-oldrel-macos-arm64