CRAN Package Check Results for Package areabiplot

Last updated on 2023-09-26 17:09:11 CEST.

Flavor Version Tinstall Tcheck Ttotal Status Flags
r-devel-linux-x86_64-debian-clang 1.0.0 1.41 24.71 26.12 NOTE
r-devel-linux-x86_64-debian-gcc 1.0.0 1.63 19.32 20.95 NOTE
r-devel-linux-x86_64-fedora-clang 1.0.0 32.80 NOTE
r-devel-linux-x86_64-fedora-gcc 1.0.0 32.69 NOTE
r-devel-windows-x86_64 1.0.0 3.00 48.00 51.00 NOTE
r-patched-linux-x86_64 1.0.0 1.57 23.72 25.29 NOTE
r-release-linux-x86_64 1.0.0 2.12 23.71 25.83 NOTE
r-release-macos-arm64 1.0.0 18.00 NOTE
r-release-macos-x86_64 1.0.0 21.00 NOTE
r-release-windows-x86_64 1.0.0 4.00 44.00 48.00 NOTE
r-oldrel-macos-arm64 1.0.0 21.00 NOTE
r-oldrel-macos-x86_64 1.0.0 22.00 NOTE
r-oldrel-windows-x86_64 1.0.0 4.00 48.00 52.00 NOTE

Check Details

Version: 1.0.0
Check: LazyData
Result: NOTE
     'LazyData' is specified without a 'data' directory
Flavors: r-devel-linux-x86_64-debian-clang, r-devel-linux-x86_64-debian-gcc, r-devel-linux-x86_64-fedora-clang, r-devel-linux-x86_64-fedora-gcc, r-devel-windows-x86_64, r-patched-linux-x86_64, r-release-linux-x86_64, r-release-macos-arm64, r-release-macos-x86_64, r-release-windows-x86_64, r-oldrel-macos-arm64, r-oldrel-macos-x86_64, r-oldrel-windows-x86_64