CRAN Package Check Results for Package arena2r

Last updated on 2021-10-17 04:50:12 CEST.

Flavor Version Tinstall Tcheck Ttotal Status Flags
r-devel-linux-x86_64-debian-clang 1.0.0 2.71 39.43 42.14 OK
r-devel-linux-x86_64-debian-gcc 1.0.0 2.06 30.86 32.92 OK
r-devel-linux-x86_64-fedora-clang 1.0.0 60.01 NOTE
r-devel-linux-x86_64-fedora-gcc 1.0.0 51.14 NOTE
r-devel-windows-x86_64 1.0.0 7.00 61.00 68.00 OK
r-devel-windows-x86_64-gcc10-UCRT 1.0.0 NOTE
r-patched-linux-x86_64 1.0.0 2.64 33.17 35.81 OK
r-patched-solaris-x86 1.0.0 67.40 NOTE
r-release-linux-x86_64 1.0.0 2.55 33.20 35.75 OK
r-release-macos-arm64 1.0.0 NOTE
r-release-macos-x86_64 1.0.0 NOTE
r-release-windows-ix86+x86_64 1.0.0 19.00 55.00 74.00 OK
r-oldrel-macos-x86_64 1.0.0 NOTE
r-oldrel-windows-ix86+x86_64 1.0.0 8.00 56.00 64.00 OK

Check Details

Version: 1.0.0
Check: dependencies in R code
Result: NOTE
    Namespaces in Imports field not imported from:
     ‘purrr’ ‘shinyBS’ ‘shinydashboard’ ‘shinyjs’
     All declared Imports should be used.
Flavors: r-devel-linux-x86_64-fedora-clang, r-devel-linux-x86_64-fedora-gcc, r-devel-windows-x86_64-gcc10-UCRT, r-patched-solaris-x86, r-release-macos-arm64, r-release-macos-x86_64, r-oldrel-macos-x86_64