CRAN Package Check Results for Package arkdb

Last updated on 2021-12-02 20:51:21 CET.

Flavor Version Tinstall Tcheck Ttotal Status Flags
r-devel-linux-x86_64-debian-clang 0.0.14 2.86 297.51 300.37 NOTE
r-devel-linux-x86_64-debian-gcc 0.0.14 2.49 237.06 239.55 NOTE
r-devel-linux-x86_64-fedora-clang 0.0.14 380.81 NOTE
r-devel-linux-x86_64-fedora-gcc 0.0.14 377.28 NOTE
r-devel-windows-x86_64-new-UL 0.0.14 10.00 449.00 459.00 NOTE
r-devel-windows-x86_64-new-TK 0.0.14 NOTE
r-devel-windows-x86_64-old 0.0.14 7.00 282.00 289.00 NOTE
r-patched-linux-x86_64 0.0.14 3.79 289.83 293.62 NOTE
r-patched-solaris-x86 0.0.14 91.50 NOTE
r-release-linux-x86_64 0.0.14 3.16 288.43 291.59 NOTE
r-release-macos-arm64 0.0.14 NOTE
r-release-macos-x86_64 0.0.14 NOTE
r-release-windows-ix86+x86_64 0.0.14 8.00 366.00 374.00 NOTE
r-oldrel-macos-x86_64 0.0.14 NOTE
r-oldrel-windows-ix86+x86_64 0.0.14 16.00 365.00 381.00 NOTE

Check Details

Version: 0.0.14
Check: package dependencies
Result: NOTE
    Package suggested but not available for checking: 'MonetDBLite'
Flavors: r-devel-linux-x86_64-debian-clang, r-devel-linux-x86_64-debian-gcc, r-devel-linux-x86_64-fedora-clang, r-devel-linux-x86_64-fedora-gcc, r-devel-windows-x86_64-new-UL, r-devel-windows-x86_64-new-TK, r-devel-windows-x86_64-old, r-patched-linux-x86_64, r-patched-solaris-x86, r-release-linux-x86_64, r-release-macos-arm64, r-release-macos-x86_64, r-release-windows-ix86+x86_64, r-oldrel-macos-x86_64, r-oldrel-windows-ix86+x86_64