CRAN Package Check Results for Package arm

Last updated on 2021-10-21 04:58:23 CEST.

Flavor Version Tinstall Tcheck Ttotal Status Flags
r-devel-linux-x86_64-debian-clang 1.12-2 16.56 98.83 115.39 OK
r-devel-linux-x86_64-debian-gcc 1.12-2 12.23 75.13 87.36 OK
r-devel-linux-x86_64-fedora-clang 1.12-2 145.36 NOTE
r-devel-linux-x86_64-fedora-gcc 1.12-2 135.49 OK
r-devel-windows-x86_64 1.12-2 16.00 128.00 144.00 OK
r-devel-windows-x86_64-gcc10-UCRT 1.12-2 OK
r-patched-linux-x86_64 1.12-2 13.39 95.69 109.08 OK
r-patched-solaris-x86 1.12-2 186.00 OK
r-release-linux-x86_64 1.12-2 14.21 94.89 109.10 OK
r-release-macos-arm64 1.11-2 OK
r-release-macos-x86_64 1.12-2 OK
r-release-windows-ix86+x86_64 1.12-2 23.00 87.00 110.00 OK
r-oldrel-macos-x86_64 1.12-2 OK
r-oldrel-windows-ix86+x86_64 1.12-2 19.00 87.00 106.00 OK

Check Details

Version: 1.12-2
Check: Rd cross-references
Result: NOTE
    Undeclared packages ‘survey’, ‘Matching’ in Rd xrefs
Flavor: r-devel-linux-x86_64-fedora-clang