Last updated on 2024-04-19 08:54:33 CEST.
Flavor | Version | Tinstall | Tcheck | Ttotal | Status | Flags |
---|---|---|---|---|---|---|
r-devel-linux-x86_64-debian-clang | 0.0.2 | 42.62 | 36.80 | 79.42 | NOTE | |
r-devel-linux-x86_64-debian-gcc | 0.0.2 | NOTE | ||||
r-devel-linux-x86_64-fedora-clang | 0.0.2 | 115.44 | NOTE | |||
r-devel-linux-x86_64-fedora-gcc | 0.0.2 | 119.57 | NOTE | |||
r-prerel-macos-arm64 | 0.0.2 | 33.00 | NOTE | |||
r-prerel-windows-x86_64 | 0.0.2 | 30.00 | 63.00 | 93.00 | NOTE | |
r-patched-linux-x86_64 | 0.0.2 | 38.65 | 36.27 | 74.92 | NOTE | |
r-release-linux-x86_64 | 0.0.2 | 38.70 | 34.87 | 73.57 | NOTE | |
r-release-macos-arm64 | 0.0.2 | 37.00 | NOTE | |||
r-release-macos-x86_64 | 0.0.2 | 59.00 | NOTE | |||
r-release-windows-x86_64 | 0.0.2 | 32.00 | 77.00 | 109.00 | NOTE | |
r-oldrel-macos-arm64 | 0.0.2 | 35.00 | NOTE | |||
r-oldrel-windows-x86_64 | 0.0.2 | 39.00 | 76.00 | 115.00 | NOTE |
Version: 0.0.2
Check: C++ specification
Result: NOTE
Specified C++11: please drop specification unless essential
Flavors: r-devel-linux-x86_64-debian-clang, r-devel-linux-x86_64-debian-gcc, r-devel-linux-x86_64-fedora-clang, r-devel-linux-x86_64-fedora-gcc, r-prerel-macos-arm64, r-prerel-windows-x86_64, r-patched-linux-x86_64, r-release-linux-x86_64, r-release-macos-arm64, r-release-macos-x86_64, r-release-windows-x86_64
Version: 0.0.2
Check: LazyData
Result: NOTE
'LazyData' is specified without a 'data' directory
Flavors: r-devel-linux-x86_64-debian-clang, r-devel-linux-x86_64-debian-gcc, r-devel-linux-x86_64-fedora-clang, r-devel-linux-x86_64-fedora-gcc, r-prerel-macos-arm64, r-prerel-windows-x86_64, r-patched-linux-x86_64, r-release-linux-x86_64, r-release-macos-arm64, r-release-macos-x86_64, r-release-windows-x86_64, r-oldrel-macos-arm64, r-oldrel-windows-x86_64