CRAN Package Check Results for Package arulesViz

Last updated on 2021-09-19 04:52:47 CEST.

Flavor Version Tinstall Tcheck Ttotal Status Flags
r-devel-linux-x86_64-debian-clang 1.5-0 14.07 150.92 164.99 OK
r-devel-linux-x86_64-debian-gcc 1.5-0 11.26 110.77 122.03 OK
r-devel-linux-x86_64-fedora-clang 1.5-0 205.13 OK
r-devel-linux-x86_64-fedora-gcc 1.5-0 192.31 OK
r-devel-windows-x86_64 1.5-0 16.00 153.00 169.00 OK
r-devel-windows-x86_64-gcc10-UCRT 1.5-0 ERROR
r-patched-linux-x86_64 1.5-0 17.19 142.62 159.81 OK
r-patched-solaris-x86 1.5-0 265.00 OK
r-release-linux-x86_64 1.5-0 12.41 142.56 154.97 OK
r-release-macos-arm64 1.5-0 OK
r-release-macos-x86_64 1.5-0 OK
r-release-windows-ix86+x86_64 1.5-0 29.00 178.00 207.00 OK
r-oldrel-macos-x86_64 1.5-0 OK
r-oldrel-windows-ix86+x86_64 1.5-0 31.00 181.00 212.00 OK

Check Details

Version: 1.5-0
Check: whether package can be installed
Result: WARN
    Found the following significant warnings:
     WARNING: installation-time patches will not be applied, could not get the patches index
Flavor: r-devel-windows-x86_64-gcc10-UCRT

Version: 1.5-0
Check: PDF version of manual
Result: WARN
    LaTeX errors when creating PDF version.
    This typically indicates Rd problems.
Flavor: r-devel-windows-x86_64-gcc10-UCRT

Version: 1.5-0
Check: PDF version of manual without hyperrefs or index
Result: ERROR
    Re-running with no redirection of stdout/stderr.
Flavor: r-devel-windows-x86_64-gcc10-UCRT