CRAN Package Check Results for Package asciiSetupReader

Last updated on 2021-09-21 04:54:53 CEST.

Flavor Version Tinstall Tcheck Ttotal Status Flags
r-devel-linux-x86_64-debian-clang 2.4.0 4.57 224.93 229.50 NOTE
r-devel-linux-x86_64-debian-gcc 2.4.0 3.58 241.83 245.41 NOTE
r-devel-linux-x86_64-fedora-clang 2.4.0 389.83 NOTE
r-devel-linux-x86_64-fedora-gcc 2.4.0 363.79 NOTE
r-devel-windows-x86_64 2.4.0 7.00 243.00 250.00 NOTE
r-devel-windows-x86_64-gcc10-UCRT 2.4.0 ERROR
r-patched-linux-x86_64 2.4.0 4.20 302.58 306.78 NOTE
r-patched-solaris-x86 2.4.0 468.90 NOTE
r-release-linux-x86_64 2.4.0 4.55 292.20 296.75 NOTE
r-release-macos-arm64 2.4.0 NOTE
r-release-macos-x86_64 2.4.0 NOTE
r-release-windows-ix86+x86_64 2.4.0 10.00 291.00 301.00 NOTE
r-oldrel-macos-x86_64 2.4.0 OK
r-oldrel-windows-ix86+x86_64 2.4.0 9.00 287.00 296.00 OK

Check Details

Version: 2.4.0
Check: LazyData
Result: NOTE
     'LazyData' is specified without a 'data' directory
Flavors: r-devel-linux-x86_64-debian-clang, r-devel-linux-x86_64-debian-gcc, r-devel-linux-x86_64-fedora-clang, r-devel-linux-x86_64-fedora-gcc, r-devel-windows-x86_64, r-devel-windows-x86_64-gcc10-UCRT, r-patched-linux-x86_64, r-patched-solaris-x86, r-release-linux-x86_64, r-release-macos-arm64, r-release-macos-x86_64, r-release-windows-ix86+x86_64

Version: 2.4.0
Check: whether package can be installed
Result: WARN
    Found the following significant warnings:
     WARNING: installation-time patches will not be applied, could not get the patches index
Flavor: r-devel-windows-x86_64-gcc10-UCRT

Version: 2.4.0
Check: PDF version of manual
Result: WARN
    LaTeX errors when creating PDF version.
    This typically indicates Rd problems.
Flavor: r-devel-windows-x86_64-gcc10-UCRT

Version: 2.4.0
Check: PDF version of manual without hyperrefs or index
Result: ERROR
    Re-running with no redirection of stdout/stderr.
Flavor: r-devel-windows-x86_64-gcc10-UCRT