CRAN Package Check Results for Package aslib

Last updated on 2024-02-26 00:50:39 CET.

Flavor Version Tinstall Tcheck Ttotal Status Flags
r-devel-linux-x86_64-debian-clang 0.1.2 19.65 196.09 215.74 NOTE
r-devel-linux-x86_64-debian-gcc 0.1.2 15.86 150.81 166.67 NOTE
r-devel-linux-x86_64-fedora-clang 0.1.2 249.36 OK
r-devel-linux-x86_64-fedora-gcc 0.1.2 256.73 OK
r-devel-windows-x86_64 0.1.2 17.00 138.00 155.00 OK
r-patched-linux-x86_64 0.1.2 23.23 192.60 215.83 OK
r-release-linux-x86_64 0.1.2 13.68 190.41 204.09 OK
r-release-macos-arm64 0.1.2 72.00 OK
r-release-macos-x86_64 0.1.2 104.00 OK
r-release-windows-x86_64 0.1.2 21.00 169.00 190.00 OK
r-oldrel-macos-arm64 0.1.2 63.00 OK
r-oldrel-windows-x86_64 0.1.2 22.00 171.00 193.00 OK

Check Details

Version: 0.1.2
Check: Rd files
Result: NOTE checkRd: (-1) convertAlgoPerfToWideFormat.Rd:28: Lost braces 28 | code{NA} means the performance value is not available, possibly because the algorithm run was aborted. | ^ checkRd: (-1) parseASScenario.Rd:40: Lost braces 40 | code{NA} means the cost is not available, possibly because the feature computation was aborted. | ^ checkRd: (-1) parseASScenario.Rd:47: Lost braces 47 | code{NA} means the cost is not available, possibly because the feature computation was aborted. | ^ checkRd: (-1) parseASScenario.Rd:55: Lost braces 55 | code{NA} means the feature is not available, possibly because the feature computation was aborted. | ^ checkRd: (-1) parseASScenario.Rd:62: Lost braces 62 | code{NA} means the feature is not available, possibly because the feature computation was aborted. | ^ Flavors: r-devel-linux-x86_64-debian-clang, r-devel-linux-x86_64-debian-gcc