CRAN Package Check Results for Package assertive.sets

Last updated on 2023-09-28 01:18:46 CEST.

Flavor Version Tinstall Tcheck Ttotal Status Flags
r-devel-linux-x86_64-debian-clang 0.0-3 1.99 24.16 26.15 NOTE
r-devel-linux-x86_64-debian-gcc 0.0-3 1.68 18.70 20.38 NOTE
r-devel-linux-x86_64-fedora-clang 0.0-3 31.56 NOTE
r-devel-linux-x86_64-fedora-gcc 0.0-3 32.10 NOTE
r-devel-windows-x86_64 0.0-3 4.00 40.00 44.00 NOTE
r-patched-linux-x86_64 0.0-3 1.71 23.29 25.00 NOTE
r-release-linux-x86_64 0.0-3 2.11 23.96 26.07 NOTE
r-release-macos-arm64 0.0-3 16.00 NOTE
r-release-macos-x86_64 0.0-3 20.00 NOTE
r-release-windows-x86_64 0.0-3 3.00 41.00 44.00 NOTE
r-oldrel-macos-arm64 0.0-3 17.00 NOTE
r-oldrel-macos-x86_64 0.0-3 22.00 NOTE
r-oldrel-windows-x86_64 0.0-3 4.00 42.00 46.00 NOTE

Check Details

Version: 0.0-3
Check: LazyData
Result: NOTE
     'LazyData' is specified without a 'data' directory
Flavors: r-devel-linux-x86_64-debian-clang, r-devel-linux-x86_64-debian-gcc, r-devel-linux-x86_64-fedora-clang, r-devel-linux-x86_64-fedora-gcc, r-devel-windows-x86_64, r-patched-linux-x86_64, r-release-linux-x86_64, r-release-macos-arm64, r-release-macos-x86_64, r-release-windows-x86_64, r-oldrel-macos-arm64, r-oldrel-macos-x86_64, r-oldrel-windows-x86_64

Version: 0.0-3
Check: Rd cross-references
Result: NOTE
    Undeclared package ‘sets’ in Rd xrefs
Flavor: r-devel-linux-x86_64-fedora-clang